{"id":2795,"date":"2016-04-28T11:12:17","date_gmt":"2016-04-28T09:12:17","guid":{"rendered":"https:\/\/urlaub-in-waldkirchen.de\/cs\/volny-cas\/bockerlbahn\/"},"modified":"2017-04-25T09:10:50","modified_gmt":"2017-04-25T07:10:50","slug":"vyletni-vlacek","status":"publish","type":"page","link":"https:\/\/urlaub-in-waldkirchen.de\/cs\/volny-cas\/vyletni-vlacek\/","title":{"rendered":"V\u00fdletn\u00ed vl\u00e1\u010dek"},"content":{"rendered":"<div class=\"wpb-content-wrapper\"><p>[vc_row][vc_column][vc_empty_space height=&#8220;20px&#8220;][vc_column_text]<\/p>\n<h1>Waldkirchensk\u00fd v\u00fdletn\u00ed vl\u00e1\u010dek \u2013 j\u00edzda sout\u011bskou Sau\u00dfbachklamm<\/h1>\n<p>[\/vc_column_text][\/vc_column][\/vc_row][vc_row][vc_column][vc_column_text]Radost pro mal\u00e9 i velk\u00e9 \u2013 to je j\u00edzda Waldkirchensk\u00fdm v\u00fdletn\u00edm vl\u00e1\u010dkem! V\u017edy od kv\u011btna do \u0159\u00edjna je vl\u00e1\u010dek p\u0159ipraven ke startu! B\u011bhem dvouhodinov\u00e9 j\u00edzdy pozn\u00e1te kr\u00e1sy sout\u011bsky Sau\u00dfbachklamm s\u00a0jej\u00ed divoce romantickou p\u0159\u00edrodou. V zast\u00e1vce\u00a0<a href=\"https:\/\/www.facebook.com\/Haller-Alm-891785694228882\/\" target=\"_blank\" rel=\"noopener noreferrer\">Haller Alm<\/a>\u00a0m\u00e1 vl\u00e1\u010dek p\u0159est\u00e1vku a n\u00e1v\u0161t\u011bvn\u00edci se mohou posilnit dobrou sva\u010dinou!<\/p>\n<p><strong>Kdy:<\/strong>\u00a0kv\u011bten a\u017e \u0159\u00edjen \u2013\u00a0ka\u017ed\u00fd \u010dtvrtek podle p\u0159ihl\u00e1\u0161ek<br \/>\n<strong>Odjezd:<\/strong>\u00a0\u00a014.00 hod<br \/>\n<strong>Kde:<\/strong>\u00a0Odjezd od\u00a0<a href=\"https:\/\/urlaub-in-waldkirchen.de\/cs\/informace\/turisticke-informacni-centrum\/\">Turistick\u00e9ho informa\u010dn\u00edho centra<\/a>, Marktplatz 17, 94065 Waldkirchen<br \/>\n<strong>D\u00e9lka j\u00edzdy:<\/strong>\u00a0ca. 2 hodiny v\u010detn\u011b zast\u00e1vky v Haller Alm<br \/>\n<strong>J\u00edzdn\u00e9:<\/strong>\u00a0dosp\u011bl\u00ed 6,00 \u20ac , \u00a0d\u011bti nad 6 let 3,50 \u20ac<br \/>\n<strong>P\u0159ihl\u00e1\u0161ky:<\/strong>\u00a0v\u00a0<a href=\"https:\/\/urlaub-in-waldkirchen.de\/cs\/informace\/turisticke-informacni-centrum\/\">Turistick\u00e9m informa\u010dn\u00edm centru<\/a>\u00a0na tel. +49 8581\/19433<\/p>\n<p>P\u0159i p\u0159edlo\u017een\u00ed N\u00e1v\u0161t\u011bvnick\u00e9 karty m\u011bsta Waldkirchen z\u00edsk\u00e1te slevu j\u00edzdn\u00e9ho ve v\u00fd\u0161i 1,00 \u20ac \/ os.![\/vc_column_text][\/vc_column][\/vc_row][vc_row][vc_column][vc_masonry_media_grid element_width=&#8220;3&#8243; grid_id=&#8220;vc_gid:1493104292670-380f7071-1a43-6&#8243; include=&#8220;1269,1268,1267,1266&#8243;][\/vc_column][\/vc_row][vc_row][vc_column][vc_separator color=&#8220;custom&#8220; accent_color=&#8220;#95c11f&#8220;][vc_btn title=&#8220;zp\u011bt na p\u0159ehled&#8220; shape=&#8220;square&#8220; color=&#8220;green&#8220; size=&#8220;sm&#8220; align=&#8220;right&#8220; link=&#8220;url:http%3A%2F%2Furlaub-in-waldkirchen.de%2Fcs%2Fvolny-cas%2F|||&#8220;][\/vc_column][\/vc_row]<\/p>\n<\/div>","protected":false},"excerpt":{"rendered":"<p>[vc_row][vc_column][vc_empty_space height=&#8220;20px&#8220;][vc_column_text] Waldkirchensk\u00fd v\u00fdletn\u00ed vl\u00e1\u010dek \u2013 j\u00edzda sout\u011bskou Sau\u00dfbachklamm [\/vc_column_text][\/vc_column][\/vc_row][vc_row][vc_column][vc_column_text]Radost pro mal\u00e9 i velk\u00e9 \u2013 to je j\u00edzda Waldkirchensk\u00fdm v\u00fdletn\u00edm vl\u00e1\u010dkem! V\u017edy od kv\u011btna do \u0159\u00edjna<span class=\"excerpt-hellip\"> [\u2026]<\/span><\/p>\n","protected":false},"author":2,"featured_media":0,"parent":2703,"menu_order":0,"comment_status":"closed","ping_status":"closed","template":"","meta":{"footnotes":""},"class_list":["post-2795","page","type-page","status-publish","hentry"],"yoast_head":"<!-- This site is optimized with the Yoast SEO plugin v27.3 - https:\/\/yoast.com\/product\/yoast-seo-wordpress\/ -->\n<title>V\u00fdletn\u00ed vl\u00e1\u010dek - urlaub-in-waldkirchen.de<\/title>\n<meta name=\"description\" content=\"Radost pro mal\u00e9 i velk\u00e9 \u2013 to je j\u00edzda Waldkirchensk\u00fdm v\u00fdletn\u00edm vl\u00e1\u010dkem! V\u017edy od kv\u011btna do \u0159\u00edjna je vl\u00e1\u010dek p\u0159ipraven ke startu!\" \/>\n<meta name=\"robots\" content=\"index, follow, max-snippet:-1, max-image-preview:large, max-video-preview:-1\" \/>\n<link rel=\"canonical\" href=\"https:\/\/urlaub-in-waldkirchen.de\/cs\/volny-cas\/vyletni-vlacek\/\" \/>\n<meta property=\"og:locale\" content=\"cs_CZ\" \/>\n<meta property=\"og:type\" content=\"article\" \/>\n<meta property=\"og:title\" content=\"V\u00fdletn\u00ed vl\u00e1\u010dek - urlaub-in-waldkirchen.de\" \/>\n<meta property=\"og:description\" content=\"Radost pro mal\u00e9 i velk\u00e9 \u2013 to je j\u00edzda Waldkirchensk\u00fdm v\u00fdletn\u00edm vl\u00e1\u010dkem! V\u017edy od kv\u011btna do \u0159\u00edjna je vl\u00e1\u010dek p\u0159ipraven ke startu!\" \/>\n<meta property=\"og:url\" content=\"https:\/\/urlaub-in-waldkirchen.de\/cs\/volny-cas\/vyletni-vlacek\/\" \/>\n<meta property=\"og:site_name\" content=\"urlaub-in-waldkirchen.de\" \/>\n<meta property=\"article:modified_time\" content=\"2017-04-25T07:10:50+00:00\" \/>\n<meta name=\"twitter:card\" content=\"summary_large_image\" \/>\n<meta name=\"twitter:label1\" content=\"Odhadovan\u00e1 doba \u010dten\u00ed\" \/>\n\t<meta name=\"twitter:data1\" content=\"1 minuta\" \/>\n<script type=\"application\/ld+json\" class=\"yoast-schema-graph\">{\"@context\":\"https:\\\/\\\/schema.org\",\"@graph\":[{\"@type\":\"WebPage\",\"@id\":\"https:\\\/\\\/urlaub-in-waldkirchen.de\\\/cs\\\/volny-cas\\\/vyletni-vlacek\\\/\",\"url\":\"https:\\\/\\\/urlaub-in-waldkirchen.de\\\/cs\\\/volny-cas\\\/vyletni-vlacek\\\/\",\"name\":\"V\u00fdletn\u00ed vl\u00e1\u010dek - urlaub-in-waldkirchen.de\",\"isPartOf\":{\"@id\":\"https:\\\/\\\/urlaub-in-waldkirchen.de\\\/#website\"},\"datePublished\":\"2016-04-28T09:12:17+00:00\",\"dateModified\":\"2017-04-25T07:10:50+00:00\",\"description\":\"Radost pro mal\u00e9 i velk\u00e9 \u2013 to je j\u00edzda Waldkirchensk\u00fdm v\u00fdletn\u00edm vl\u00e1\u010dkem! V\u017edy od kv\u011btna do \u0159\u00edjna je vl\u00e1\u010dek p\u0159ipraven ke startu!\",\"breadcrumb\":{\"@id\":\"https:\\\/\\\/urlaub-in-waldkirchen.de\\\/cs\\\/volny-cas\\\/vyletni-vlacek\\\/#breadcrumb\"},\"inLanguage\":\"cs\",\"potentialAction\":[{\"@type\":\"ReadAction\",\"target\":[\"https:\\\/\\\/urlaub-in-waldkirchen.de\\\/cs\\\/volny-cas\\\/vyletni-vlacek\\\/\"]}]},{\"@type\":\"BreadcrumbList\",\"@id\":\"https:\\\/\\\/urlaub-in-waldkirchen.de\\\/cs\\\/volny-cas\\\/vyletni-vlacek\\\/#breadcrumb\",\"itemListElement\":[{\"@type\":\"ListItem\",\"position\":1,\"name\":\"Startseite\",\"item\":\"https:\\\/\\\/urlaub-in-waldkirchen.de\\\/cs\\\/\"},{\"@type\":\"ListItem\",\"position\":2,\"name\":\"Voln\u00fd \u010das\",\"item\":\"https:\\\/\\\/urlaub-in-waldkirchen.de\\\/cs\\\/volny-cas\\\/\"},{\"@type\":\"ListItem\",\"position\":3,\"name\":\"V\u00fdletn\u00ed vl\u00e1\u010dek\"}]},{\"@type\":\"WebSite\",\"@id\":\"https:\\\/\\\/urlaub-in-waldkirchen.de\\\/#website\",\"url\":\"https:\\\/\\\/urlaub-in-waldkirchen.de\\\/\",\"name\":\"urlaub-in-waldkirchen.de\",\"description\":\"\",\"potentialAction\":[{\"@type\":\"SearchAction\",\"target\":{\"@type\":\"EntryPoint\",\"urlTemplate\":\"https:\\\/\\\/urlaub-in-waldkirchen.de\\\/?s={search_term_string}\"},\"query-input\":{\"@type\":\"PropertyValueSpecification\",\"valueRequired\":true,\"valueName\":\"search_term_string\"}}],\"inLanguage\":\"cs\"}]}<\/script>\n<!-- \/ Yoast SEO plugin. -->","yoast_head_json":{"title":"V\u00fdletn\u00ed vl\u00e1\u010dek - urlaub-in-waldkirchen.de","description":"Radost pro mal\u00e9 i velk\u00e9 \u2013 to je j\u00edzda Waldkirchensk\u00fdm v\u00fdletn\u00edm vl\u00e1\u010dkem! V\u017edy od kv\u011btna do \u0159\u00edjna je vl\u00e1\u010dek p\u0159ipraven ke startu!","robots":{"index":"index","follow":"follow","max-snippet":"max-snippet:-1","max-image-preview":"max-image-preview:large","max-video-preview":"max-video-preview:-1"},"canonical":"https:\/\/urlaub-in-waldkirchen.de\/cs\/volny-cas\/vyletni-vlacek\/","og_locale":"cs_CZ","og_type":"article","og_title":"V\u00fdletn\u00ed vl\u00e1\u010dek - urlaub-in-waldkirchen.de","og_description":"Radost pro mal\u00e9 i velk\u00e9 \u2013 to je j\u00edzda Waldkirchensk\u00fdm v\u00fdletn\u00edm vl\u00e1\u010dkem! V\u017edy od kv\u011btna do \u0159\u00edjna je vl\u00e1\u010dek p\u0159ipraven ke startu!","og_url":"https:\/\/urlaub-in-waldkirchen.de\/cs\/volny-cas\/vyletni-vlacek\/","og_site_name":"urlaub-in-waldkirchen.de","article_modified_time":"2017-04-25T07:10:50+00:00","twitter_card":"summary_large_image","twitter_misc":{"Odhadovan\u00e1 doba \u010dten\u00ed":"1 minuta"},"schema":{"@context":"https:\/\/schema.org","@graph":[{"@type":"WebPage","@id":"https:\/\/urlaub-in-waldkirchen.de\/cs\/volny-cas\/vyletni-vlacek\/","url":"https:\/\/urlaub-in-waldkirchen.de\/cs\/volny-cas\/vyletni-vlacek\/","name":"V\u00fdletn\u00ed vl\u00e1\u010dek - urlaub-in-waldkirchen.de","isPartOf":{"@id":"https:\/\/urlaub-in-waldkirchen.de\/#website"},"datePublished":"2016-04-28T09:12:17+00:00","dateModified":"2017-04-25T07:10:50+00:00","description":"Radost pro mal\u00e9 i velk\u00e9 \u2013 to je j\u00edzda Waldkirchensk\u00fdm v\u00fdletn\u00edm vl\u00e1\u010dkem! V\u017edy od kv\u011btna do \u0159\u00edjna je vl\u00e1\u010dek p\u0159ipraven ke startu!","breadcrumb":{"@id":"https:\/\/urlaub-in-waldkirchen.de\/cs\/volny-cas\/vyletni-vlacek\/#breadcrumb"},"inLanguage":"cs","potentialAction":[{"@type":"ReadAction","target":["https:\/\/urlaub-in-waldkirchen.de\/cs\/volny-cas\/vyletni-vlacek\/"]}]},{"@type":"BreadcrumbList","@id":"https:\/\/urlaub-in-waldkirchen.de\/cs\/volny-cas\/vyletni-vlacek\/#breadcrumb","itemListElement":[{"@type":"ListItem","position":1,"name":"Startseite","item":"https:\/\/urlaub-in-waldkirchen.de\/cs\/"},{"@type":"ListItem","position":2,"name":"Voln\u00fd \u010das","item":"https:\/\/urlaub-in-waldkirchen.de\/cs\/volny-cas\/"},{"@type":"ListItem","position":3,"name":"V\u00fdletn\u00ed vl\u00e1\u010dek"}]},{"@type":"WebSite","@id":"https:\/\/urlaub-in-waldkirchen.de\/#website","url":"https:\/\/urlaub-in-waldkirchen.de\/","name":"urlaub-in-waldkirchen.de","description":"","potentialAction":[{"@type":"SearchAction","target":{"@type":"EntryPoint","urlTemplate":"https:\/\/urlaub-in-waldkirchen.de\/?s={search_term_string}"},"query-input":{"@type":"PropertyValueSpecification","valueRequired":true,"valueName":"search_term_string"}}],"inLanguage":"cs"}]}},"_links":{"self":[{"href":"https:\/\/urlaub-in-waldkirchen.de\/cs\/wp-json\/wp\/v2\/pages\/2795","targetHints":{"allow":["GET"]}}],"collection":[{"href":"https:\/\/urlaub-in-waldkirchen.de\/cs\/wp-json\/wp\/v2\/pages"}],"about":[{"href":"https:\/\/urlaub-in-waldkirchen.de\/cs\/wp-json\/wp\/v2\/types\/page"}],"author":[{"embeddable":true,"href":"https:\/\/urlaub-in-waldkirchen.de\/cs\/wp-json\/wp\/v2\/users\/2"}],"replies":[{"embeddable":true,"href":"https:\/\/urlaub-in-waldkirchen.de\/cs\/wp-json\/wp\/v2\/comments?post=2795"}],"version-history":[{"count":1,"href":"https:\/\/urlaub-in-waldkirchen.de\/cs\/wp-json\/wp\/v2\/pages\/2795\/revisions"}],"predecessor-version":[{"id":4305,"href":"https:\/\/urlaub-in-waldkirchen.de\/cs\/wp-json\/wp\/v2\/pages\/2795\/revisions\/4305"}],"up":[{"embeddable":true,"href":"https:\/\/urlaub-in-waldkirchen.de\/cs\/wp-json\/wp\/v2\/pages\/2703"}],"wp:attachment":[{"href":"https:\/\/urlaub-in-waldkirchen.de\/cs\/wp-json\/wp\/v2\/media?parent=2795"}],"curies":[{"name":"wp","href":"https:\/\/api.w.org\/{rel}","templated":true}]}}

Výletní vláček

<div class="wpb-content-wrapper"><p>[vc_row][vc_column][vc_empty_space height=&#8220;20px&#8220;][vc_column_text]</p>
<h1>Waldkirchenský výletní vláček – jízda soutěskou Saußbachklamm</h1>
<p>[/vc_column_text][/vc_column][/vc_row][vc_row][vc_column][vc_column_text]Radost pro malé i velké – to je jízda Waldkirchenským výletním vláčkem! Vždy od května do října je vláček připraven ke startu! Během dvouhodinové jízdy poznáte krásy soutěsky Saußbachklamm s její divoce romantickou přírodou. V zastávce <a href="https://www.facebook.com/Haller-Alm-891785694228882/" target="_blank" rel="noopener noreferrer">Haller Alm</a> má vláček přestávku a návštěvníci se mohou posilnit dobrou svačinou!</p>
<p><strong>Kdy:</strong> květen až říjen – každý čtvrtek podle přihlášek<br />
<strong>Odjezd:</strong>  14.00 hod<br />
<strong>Kde:</strong> Odjezd od <a href="https://urlaub-in-waldkirchen.de/cs/informace/turisticke-informacni-centrum/">Turistického informačního centra</a>, Marktplatz 17, 94065 Waldkirchen<br />
<strong>Délka jízdy:</strong> ca. 2 hodiny včetně zastávky v Haller Alm<br />
<strong>Jízdné:</strong> dospělí 6,00 € ,  děti nad 6 let 3,50 €<br />
<strong>Přihlášky:</strong> v <a href="https://urlaub-in-waldkirchen.de/cs/informace/turisticke-informacni-centrum/">Turistickém informačním centru</a> na tel. +49 8581/19433</p>
<p>Při předložení Návštěvnické karty města Waldkirchen získáte slevu jízdného ve výši 1,00 € / os.![/vc_column_text][/vc_column][/vc_row][vc_row][vc_column][vc_masonry_media_grid element_width=&#8220;3&#8243; grid_id=&#8220;vc_gid:1493104292670-380f7071-1a43-6&#8243; include=&#8220;1269,1268,1267,1266&#8243;][/vc_column][/vc_row][vc_row][vc_column][vc_separator color=&#8220;custom&#8220; accent_color=&#8220;#95c11f&#8220;][vc_btn title=&#8220;zpět na přehled&#8220; shape=&#8220;square&#8220; color=&#8220;green&#8220; size=&#8220;sm&#8220; align=&#8220;right&#8220; link=&#8220;url:http%3A%2F%2Furlaub-in-waldkirchen.de%2Fcs%2Fvolny-cas%2F|||&#8220;][/vc_column][/vc_row]</p>
</div>

<p>[vc_row][vc_column][vc_empty_space height=&#8220;20px&#8220;][vc_column_text] Waldkirchenský výletní vláček – jízda soutěskou Saußbachklamm [/vc_column_text][/vc_column][/vc_row][vc_row][vc_column][vc_column_text]Radost pro malé i velké – to je jízda Waldkirchenským výletním vláčkem! Vždy od května do října<span class="excerpt-hellip"> […]</span></p>

<!-- This site is optimized with the Yoast SEO plugin v27.3 - https://yoast.com/product/yoast-seo-wordpress/ -->
<title>Výletní vláček - urlaub-in-waldkirchen.de</title>
<meta name="description" content="Radost pro malé i velké – to je jízda Waldkirchenským výletním vláčkem! Vždy od května do října je vláček připraven ke startu!" />
<meta name="robots" content="index, follow, max-snippet:-1, max-image-preview:large, max-video-preview:-1" />
<link rel="canonical" href="https://urlaub-in-waldkirchen.de/cs/volny-cas/vyletni-vlacek/" />
<meta property="og:locale" content="cs_CZ" />
<meta property="og:type" content="article" />
<meta property="og:title" content="Výletní vláček - urlaub-in-waldkirchen.de" />
<meta property="og:description" content="Radost pro malé i velké – to je jízda Waldkirchenským výletním vláčkem! Vždy od května do října je vláček připraven ke startu!" />
<meta property="og:url" content="https://urlaub-in-waldkirchen.de/cs/volny-cas/vyletni-vlacek/" />
<meta property="og:site_name" content="urlaub-in-waldkirchen.de" />
<meta property="article:modified_time" content="2017-04-25T07:10:50+00:00" />
<meta name="twitter:card" content="summary_large_image" />
<meta name="twitter:label1" content="Odhadovaná doba čtení" />
	<meta name="twitter:data1" content="1 minuta" />
<script type="application/ld+json" class="yoast-schema-graph">{"@context":"https:\/\/schema.org","@graph":[{"@type":"WebPage","@id":"https:\/\/urlaub-in-waldkirchen.de\/cs\/volny-cas\/vyletni-vlacek\/","url":"https:\/\/urlaub-in-waldkirchen.de\/cs\/volny-cas\/vyletni-vlacek\/","name":"Výletní vláček - urlaub-in-waldkirchen.de","isPartOf":{"@id":"https:\/\/urlaub-in-waldkirchen.de\/#website"},"datePublished":"2016-04-28T09:12:17+00:00","dateModified":"2017-04-25T07:10:50+00:00","description":"Radost pro malé i velké – to je jízda Waldkirchenským výletním vláčkem! Vždy od května do října je vláček připraven ke startu!","breadcrumb":{"@id":"https:\/\/urlaub-in-waldkirchen.de\/cs\/volny-cas\/vyletni-vlacek\/#breadcrumb"},"inLanguage":"cs","potentialAction":[{"@type":"ReadAction","target":["https:\/\/urlaub-in-waldkirchen.de\/cs\/volny-cas\/vyletni-vlacek\/"]}]},{"@type":"BreadcrumbList","@id":"https:\/\/urlaub-in-waldkirchen.de\/cs\/volny-cas\/vyletni-vlacek\/#breadcrumb","itemListElement":[{"@type":"ListItem","position":1,"name":"Startseite","item":"https:\/\/urlaub-in-waldkirchen.de\/cs\/"},{"@type":"ListItem","position":2,"name":"Volný čas","item":"https:\/\/urlaub-in-waldkirchen.de\/cs\/volny-cas\/"},{"@type":"ListItem","position":3,"name":"Výletní vláček"}]},{"@type":"WebSite","@id":"https:\/\/urlaub-in-waldkirchen.de\/#website","url":"https:\/\/urlaub-in-waldkirchen.de\/","name":"urlaub-in-waldkirchen.de","description":"","potentialAction":[{"@type":"SearchAction","target":{"@type":"EntryPoint","urlTemplate":"https:\/\/urlaub-in-waldkirchen.de\/?s={search_term_string}"},"query-input":{"@type":"PropertyValueSpecification","valueRequired":true,"valueName":"search_term_string"}}],"inLanguage":"cs"}]}</script>
<!-- / Yoast SEO plugin. -->

Výletní vláček - urlaub-in-waldkirchen.de

Radost pro malé i velké – to je jízda Waldkirchenským výletním vláčkem! Vždy od května do října je vláček připraven ke startu!

Volný čas
