{"id":2835,"date":"2016-07-11T12:24:41","date_gmt":"2016-07-11T10:24:41","guid":{"rendered":"https:\/\/urlaub-in-waldkirchen.de\/cs\/jagd-land-fluss\/"},"modified":"2016-09-02T09:15:30","modified_gmt":"2016-09-02T07:15:30","slug":"lovu-zeme-reky","status":"publish","type":"page","link":"https:\/\/urlaub-in-waldkirchen.de\/cs\/lovu-zeme-reky\/","title":{"rendered":"lovu zem\u011b \u0159eky"},"content":{"rendered":"<div class=\"wpb-content-wrapper\"><p>[vc_row][vc_column][vc_empty_space height=&#8220;20px&#8220;][vc_column_text]<\/p>\n<h1>Muzeum lovu zem\u011b \u0159eky \u2013 na Z\u00e1mku Wolfstein<\/h1>\n<p>[\/vc_column_text][\/vc_column][\/vc_row][vc_row][vc_column][vc_column_text]\u201e<a href=\"http:\/\/www.jagd-land-fluss.de\/\" target=\"_blank\">Muzeum lovu \u2013 zem\u011b &#8211; \u0159eky<\/a>\u201c je zam\u011b\u0159eno na t\u00e9ma lovu z\u00a0p\u0159\u00edrodov\u011bdeck\u00e9ho i kulturn\u011bhistorick\u00e9ho pohledu.<\/p>\n<p>V\u00a0muzeu naleznete tyto tematick\u00e9 okruhy:<\/p>\n<ul>\n<li>Lovec a jeho ko\u0159ist:\u00a0Cel\u00fd \u017eivot je lov, jak u zv\u00ed\u0159at, tak tak\u00e9 u lid\u00ed.<\/li>\n<li>Lov \u2013 d\u0159\u00edve a dnes:\u00a0Jedno t\u00e9ma z\u00a0mnoha \u00fahl\u016f pohledu \u2013\u00a0lov vysok\u00e9 zv\u011b\u0159e, \u0161tvanice u dvora, pytl\u00e1ctv\u00ed, Jelen evropsk\u00fd, loveck\u00e9 trofeje, druhy lovu, lov a z\u00e1kon a mnoho dal\u0161\u00edho.<\/li>\n<li>Pendle\u0159i a navr\u00e1tilci:\u00a0Po\u010d\u00e1tkem osmdes\u00e1t\u00fdch let byly n\u011bkter\u00e9 \u017eivo\u010di\u0161n\u00e9 druhy v\u00a0bavorsko-\u010desk\u00e9m pohrani\u010d\u00ed pova\u017eov\u00e1ny za vyhynul\u00e9. Od t\u00e9 doby se v\u0161ak mnoh\u00e9 z\u00a0nich znovu vr\u00e1tily: nap\u0159\u00edklad rys, vlk, los a pu\u0161t\u00edk b\u011blav\u00fd.<\/li>\n<li>\u017divot u vody a ve vod\u011b:\u00a0Vodn\u00ed toky jako \u017eivotod\u00e1rn\u00e9 tepny a zdroje energie, b\u0159eh jako \u017eivotn\u00ed prost\u0159ed\u00ed.<\/li>\n<\/ul>\n<p>Dal\u0161\u00ed informace naleznete zde\u00a0<a href=\"http:\/\/www.jagd-land-fluss.de\/\" target=\"_blank\">jagd-land-fluss.de<\/a>[\/vc_column_text][\/vc_column][\/vc_row][vc_row][vc_column][vc_masonry_media_grid element_width=&#8220;3&#8243; gap=&#8220;10&#8243; grid_id=&#8220;vc_gid:1472800517167-e5734943-cf8c-5&#8243; include=&#8220;2468,2467,2466,2465&#8243;][\/vc_column][\/vc_row][vc_row][vc_column][vc_separator color=&#8220;custom&#8220; accent_color=&#8220;#95c11f&#8220;][vc_btn title=&#8220;zp\u011bt na p\u0159ehled&#8220; shape=&#8220;square&#8220; color=&#8220;green&#8220; size=&#8220;sm&#8220; align=&#8220;right&#8220; link=&#8220;url:http%3A%2F%2Furlaub-in-waldkirchen.de%2Fcs%2Fvolny-cas%2F|||&#8220;][\/vc_column][\/vc_row]<\/p>\n<\/div>","protected":false},"excerpt":{"rendered":"<p>[vc_row][vc_column][vc_empty_space height=&#8220;20px&#8220;][vc_column_text] Muzeum lovu zem\u011b \u0159eky \u2013 na Z\u00e1mku Wolfstein [\/vc_column_text][\/vc_column][\/vc_row][vc_row][vc_column][vc_column_text]\u201eMuzeum lovu \u2013 zem\u011b &#8211; \u0159eky\u201c je zam\u011b\u0159eno na t\u00e9ma lovu z\u00a0p\u0159\u00edrodov\u011bdeck\u00e9ho i kulturn\u011bhistorick\u00e9ho pohledu. V\u00a0muzeu<span class=\"excerpt-hellip\"> [\u2026]<\/span><\/p>\n","protected":false},"author":2,"featured_media":0,"parent":0,"menu_order":0,"comment_status":"closed","ping_status":"closed","template":"","meta":{"footnotes":""},"class_list":["post-2835","page","type-page","status-publish","hentry"],"yoast_head":"<!-- This site is optimized with the Yoast SEO plugin v27.3 - https:\/\/yoast.com\/product\/yoast-seo-wordpress\/ -->\n<title>lovu zem\u011b \u0159eky - urlaub-in-waldkirchen.de<\/title>\n<meta name=\"description\" content=\"\u201eMuzeum lovu \u2013 zem\u011b - \u0159eky\u201c je zam\u011b\u0159eno na t\u00e9ma lovu z p\u0159\u00edrodov\u011bdeck\u00e9ho i kulturn\u011bhistorick\u00e9ho pohledu.\" \/>\n<meta name=\"robots\" content=\"index, follow, max-snippet:-1, max-image-preview:large, max-video-preview:-1\" \/>\n<link rel=\"canonical\" href=\"https:\/\/urlaub-in-waldkirchen.de\/cs\/lovu-zeme-reky\/\" \/>\n<meta property=\"og:locale\" content=\"cs_CZ\" \/>\n<meta property=\"og:type\" content=\"article\" \/>\n<meta property=\"og:title\" content=\"lovu zem\u011b \u0159eky - urlaub-in-waldkirchen.de\" \/>\n<meta property=\"og:description\" content=\"\u201eMuzeum lovu \u2013 zem\u011b - \u0159eky\u201c je zam\u011b\u0159eno na t\u00e9ma lovu z p\u0159\u00edrodov\u011bdeck\u00e9ho i kulturn\u011bhistorick\u00e9ho pohledu.\" \/>\n<meta property=\"og:url\" content=\"https:\/\/urlaub-in-waldkirchen.de\/cs\/lovu-zeme-reky\/\" \/>\n<meta property=\"og:site_name\" content=\"urlaub-in-waldkirchen.de\" \/>\n<meta property=\"article:modified_time\" content=\"2016-09-02T07:15:30+00:00\" \/>\n<meta name=\"twitter:card\" content=\"summary_large_image\" \/>\n<meta name=\"twitter:label1\" content=\"Odhadovan\u00e1 doba \u010dten\u00ed\" \/>\n\t<meta name=\"twitter:data1\" content=\"1 minuta\" \/>\n<script type=\"application\/ld+json\" class=\"yoast-schema-graph\">{\"@context\":\"https:\\\/\\\/schema.org\",\"@graph\":[{\"@type\":\"WebPage\",\"@id\":\"https:\\\/\\\/urlaub-in-waldkirchen.de\\\/cs\\\/lovu-zeme-reky\\\/\",\"url\":\"https:\\\/\\\/urlaub-in-waldkirchen.de\\\/cs\\\/lovu-zeme-reky\\\/\",\"name\":\"lovu zem\u011b \u0159eky - urlaub-in-waldkirchen.de\",\"isPartOf\":{\"@id\":\"https:\\\/\\\/urlaub-in-waldkirchen.de\\\/#website\"},\"datePublished\":\"2016-07-11T10:24:41+00:00\",\"dateModified\":\"2016-09-02T07:15:30+00:00\",\"description\":\"\u201eMuzeum lovu \u2013 zem\u011b - \u0159eky\u201c je zam\u011b\u0159eno na t\u00e9ma lovu z p\u0159\u00edrodov\u011bdeck\u00e9ho i kulturn\u011bhistorick\u00e9ho pohledu.\",\"breadcrumb\":{\"@id\":\"https:\\\/\\\/urlaub-in-waldkirchen.de\\\/cs\\\/lovu-zeme-reky\\\/#breadcrumb\"},\"inLanguage\":\"cs\",\"potentialAction\":[{\"@type\":\"ReadAction\",\"target\":[\"https:\\\/\\\/urlaub-in-waldkirchen.de\\\/cs\\\/lovu-zeme-reky\\\/\"]}]},{\"@type\":\"BreadcrumbList\",\"@id\":\"https:\\\/\\\/urlaub-in-waldkirchen.de\\\/cs\\\/lovu-zeme-reky\\\/#breadcrumb\",\"itemListElement\":[{\"@type\":\"ListItem\",\"position\":1,\"name\":\"Startseite\",\"item\":\"https:\\\/\\\/urlaub-in-waldkirchen.de\\\/cs\\\/\"},{\"@type\":\"ListItem\",\"position\":2,\"name\":\"lovu zem\u011b \u0159eky\"}]},{\"@type\":\"WebSite\",\"@id\":\"https:\\\/\\\/urlaub-in-waldkirchen.de\\\/#website\",\"url\":\"https:\\\/\\\/urlaub-in-waldkirchen.de\\\/\",\"name\":\"urlaub-in-waldkirchen.de\",\"description\":\"\",\"potentialAction\":[{\"@type\":\"SearchAction\",\"target\":{\"@type\":\"EntryPoint\",\"urlTemplate\":\"https:\\\/\\\/urlaub-in-waldkirchen.de\\\/?s={search_term_string}\"},\"query-input\":{\"@type\":\"PropertyValueSpecification\",\"valueRequired\":true,\"valueName\":\"search_term_string\"}}],\"inLanguage\":\"cs\"}]}<\/script>\n<!-- \/ Yoast SEO plugin. -->","yoast_head_json":{"title":"lovu zem\u011b \u0159eky - urlaub-in-waldkirchen.de","description":"\u201eMuzeum lovu \u2013 zem\u011b - \u0159eky\u201c je zam\u011b\u0159eno na t\u00e9ma lovu z p\u0159\u00edrodov\u011bdeck\u00e9ho i kulturn\u011bhistorick\u00e9ho pohledu.","robots":{"index":"index","follow":"follow","max-snippet":"max-snippet:-1","max-image-preview":"max-image-preview:large","max-video-preview":"max-video-preview:-1"},"canonical":"https:\/\/urlaub-in-waldkirchen.de\/cs\/lovu-zeme-reky\/","og_locale":"cs_CZ","og_type":"article","og_title":"lovu zem\u011b \u0159eky - urlaub-in-waldkirchen.de","og_description":"\u201eMuzeum lovu \u2013 zem\u011b - \u0159eky\u201c je zam\u011b\u0159eno na t\u00e9ma lovu z p\u0159\u00edrodov\u011bdeck\u00e9ho i kulturn\u011bhistorick\u00e9ho pohledu.","og_url":"https:\/\/urlaub-in-waldkirchen.de\/cs\/lovu-zeme-reky\/","og_site_name":"urlaub-in-waldkirchen.de","article_modified_time":"2016-09-02T07:15:30+00:00","twitter_card":"summary_large_image","twitter_misc":{"Odhadovan\u00e1 doba \u010dten\u00ed":"1 minuta"},"schema":{"@context":"https:\/\/schema.org","@graph":[{"@type":"WebPage","@id":"https:\/\/urlaub-in-waldkirchen.de\/cs\/lovu-zeme-reky\/","url":"https:\/\/urlaub-in-waldkirchen.de\/cs\/lovu-zeme-reky\/","name":"lovu zem\u011b \u0159eky - urlaub-in-waldkirchen.de","isPartOf":{"@id":"https:\/\/urlaub-in-waldkirchen.de\/#website"},"datePublished":"2016-07-11T10:24:41+00:00","dateModified":"2016-09-02T07:15:30+00:00","description":"\u201eMuzeum lovu \u2013 zem\u011b - \u0159eky\u201c je zam\u011b\u0159eno na t\u00e9ma lovu z p\u0159\u00edrodov\u011bdeck\u00e9ho i kulturn\u011bhistorick\u00e9ho pohledu.","breadcrumb":{"@id":"https:\/\/urlaub-in-waldkirchen.de\/cs\/lovu-zeme-reky\/#breadcrumb"},"inLanguage":"cs","potentialAction":[{"@type":"ReadAction","target":["https:\/\/urlaub-in-waldkirchen.de\/cs\/lovu-zeme-reky\/"]}]},{"@type":"BreadcrumbList","@id":"https:\/\/urlaub-in-waldkirchen.de\/cs\/lovu-zeme-reky\/#breadcrumb","itemListElement":[{"@type":"ListItem","position":1,"name":"Startseite","item":"https:\/\/urlaub-in-waldkirchen.de\/cs\/"},{"@type":"ListItem","position":2,"name":"lovu zem\u011b \u0159eky"}]},{"@type":"WebSite","@id":"https:\/\/urlaub-in-waldkirchen.de\/#website","url":"https:\/\/urlaub-in-waldkirchen.de\/","name":"urlaub-in-waldkirchen.de","description":"","potentialAction":[{"@type":"SearchAction","target":{"@type":"EntryPoint","urlTemplate":"https:\/\/urlaub-in-waldkirchen.de\/?s={search_term_string}"},"query-input":{"@type":"PropertyValueSpecification","valueRequired":true,"valueName":"search_term_string"}}],"inLanguage":"cs"}]}},"_links":{"self":[{"href":"https:\/\/urlaub-in-waldkirchen.de\/cs\/wp-json\/wp\/v2\/pages\/2835","targetHints":{"allow":["GET"]}}],"collection":[{"href":"https:\/\/urlaub-in-waldkirchen.de\/cs\/wp-json\/wp\/v2\/pages"}],"about":[{"href":"https:\/\/urlaub-in-waldkirchen.de\/cs\/wp-json\/wp\/v2\/types\/page"}],"author":[{"embeddable":true,"href":"https:\/\/urlaub-in-waldkirchen.de\/cs\/wp-json\/wp\/v2\/users\/2"}],"replies":[{"embeddable":true,"href":"https:\/\/urlaub-in-waldkirchen.de\/cs\/wp-json\/wp\/v2\/comments?post=2835"}],"version-history":[{"count":0,"href":"https:\/\/urlaub-in-waldkirchen.de\/cs\/wp-json\/wp\/v2\/pages\/2835\/revisions"}],"wp:attachment":[{"href":"https:\/\/urlaub-in-waldkirchen.de\/cs\/wp-json\/wp\/v2\/media?parent=2835"}],"curies":[{"name":"wp","href":"https:\/\/api.w.org\/{rel}","templated":true}]}}

lovu země řeky

<div class="wpb-content-wrapper"><p>[vc_row][vc_column][vc_empty_space height=&#8220;20px&#8220;][vc_column_text]</p>
<h1>Muzeum lovu země řeky – na Zámku Wolfstein</h1>
<p>[/vc_column_text][/vc_column][/vc_row][vc_row][vc_column][vc_column_text]„<a href="http://www.jagd-land-fluss.de/" target="_blank">Muzeum lovu – země &#8211; řeky</a>“ je zaměřeno na téma lovu z přírodovědeckého i kulturněhistorického pohledu.</p>
<p>V muzeu naleznete tyto tematické okruhy:</p>
<ul>
<li>Lovec a jeho kořist: Celý život je lov, jak u zvířat, tak také u lidí.</li>
<li>Lov – dříve a dnes: Jedno téma z mnoha úhlů pohledu – lov vysoké zvěře, štvanice u dvora, pytláctví, Jelen evropský, lovecké trofeje, druhy lovu, lov a zákon a mnoho dalšího.</li>
<li>Pendleři a navrátilci: Počátkem osmdesátých let byly některé živočišné druhy v bavorsko-českém pohraničí považovány za vyhynulé. Od té doby se však mnohé z nich znovu vrátily: například rys, vlk, los a puštík bělavý.</li>
<li>Život u vody a ve vodě: Vodní toky jako životodárné tepny a zdroje energie, břeh jako životní prostředí.</li>
</ul>
<p>Další informace naleznete zde <a href="http://www.jagd-land-fluss.de/" target="_blank">jagd-land-fluss.de</a>[/vc_column_text][/vc_column][/vc_row][vc_row][vc_column][vc_masonry_media_grid element_width=&#8220;3&#8243; gap=&#8220;10&#8243; grid_id=&#8220;vc_gid:1472800517167-e5734943-cf8c-5&#8243; include=&#8220;2468,2467,2466,2465&#8243;][/vc_column][/vc_row][vc_row][vc_column][vc_separator color=&#8220;custom&#8220; accent_color=&#8220;#95c11f&#8220;][vc_btn title=&#8220;zpět na přehled&#8220; shape=&#8220;square&#8220; color=&#8220;green&#8220; size=&#8220;sm&#8220; align=&#8220;right&#8220; link=&#8220;url:http%3A%2F%2Furlaub-in-waldkirchen.de%2Fcs%2Fvolny-cas%2F|||&#8220;][/vc_column][/vc_row]</p>
</div>

<p>[vc_row][vc_column][vc_empty_space height=&#8220;20px&#8220;][vc_column_text] Muzeum lovu země řeky – na Zámku Wolfstein [/vc_column_text][/vc_column][/vc_row][vc_row][vc_column][vc_column_text]„Muzeum lovu – země &#8211; řeky“ je zaměřeno na téma lovu z přírodovědeckého i kulturněhistorického pohledu. V muzeu<span class="excerpt-hellip"> […]</span></p>

<!-- This site is optimized with the Yoast SEO plugin v27.3 - https://yoast.com/product/yoast-seo-wordpress/ -->
<title>lovu země řeky - urlaub-in-waldkirchen.de</title>
<meta name="description" content="„Muzeum lovu – země - řeky“ je zaměřeno na téma lovu z přírodovědeckého i kulturněhistorického pohledu." />
<meta name="robots" content="index, follow, max-snippet:-1, max-image-preview:large, max-video-preview:-1" />
<link rel="canonical" href="https://urlaub-in-waldkirchen.de/cs/lovu-zeme-reky/" />
<meta property="og:locale" content="cs_CZ" />
<meta property="og:type" content="article" />
<meta property="og:title" content="lovu země řeky - urlaub-in-waldkirchen.de" />
<meta property="og:description" content="„Muzeum lovu – země - řeky“ je zaměřeno na téma lovu z přírodovědeckého i kulturněhistorického pohledu." />
<meta property="og:url" content="https://urlaub-in-waldkirchen.de/cs/lovu-zeme-reky/" />
<meta property="og:site_name" content="urlaub-in-waldkirchen.de" />
<meta property="article:modified_time" content="2016-09-02T07:15:30+00:00" />
<meta name="twitter:card" content="summary_large_image" />
<meta name="twitter:label1" content="Odhadovaná doba čtení" />
	<meta name="twitter:data1" content="1 minuta" />
<script type="application/ld+json" class="yoast-schema-graph">{"@context":"https:\/\/schema.org","@graph":[{"@type":"WebPage","@id":"https:\/\/urlaub-in-waldkirchen.de\/cs\/lovu-zeme-reky\/","url":"https:\/\/urlaub-in-waldkirchen.de\/cs\/lovu-zeme-reky\/","name":"lovu země řeky - urlaub-in-waldkirchen.de","isPartOf":{"@id":"https:\/\/urlaub-in-waldkirchen.de\/#website"},"datePublished":"2016-07-11T10:24:41+00:00","dateModified":"2016-09-02T07:15:30+00:00","description":"„Muzeum lovu – země - řeky“ je zaměřeno na téma lovu z přírodovědeckého i kulturněhistorického pohledu.","breadcrumb":{"@id":"https:\/\/urlaub-in-waldkirchen.de\/cs\/lovu-zeme-reky\/#breadcrumb"},"inLanguage":"cs","potentialAction":[{"@type":"ReadAction","target":["https:\/\/urlaub-in-waldkirchen.de\/cs\/lovu-zeme-reky\/"]}]},{"@type":"BreadcrumbList","@id":"https:\/\/urlaub-in-waldkirchen.de\/cs\/lovu-zeme-reky\/#breadcrumb","itemListElement":[{"@type":"ListItem","position":1,"name":"Startseite","item":"https:\/\/urlaub-in-waldkirchen.de\/cs\/"},{"@type":"ListItem","position":2,"name":"lovu země řeky"}]},{"@type":"WebSite","@id":"https:\/\/urlaub-in-waldkirchen.de\/#website","url":"https:\/\/urlaub-in-waldkirchen.de\/","name":"urlaub-in-waldkirchen.de","description":"","potentialAction":[{"@type":"SearchAction","target":{"@type":"EntryPoint","urlTemplate":"https:\/\/urlaub-in-waldkirchen.de\/?s={search_term_string}"},"query-input":{"@type":"PropertyValueSpecification","valueRequired":true,"valueName":"search_term_string"}}],"inLanguage":"cs"}]}</script>
<!-- / Yoast SEO plugin. -->

lovu země řeky - urlaub-in-waldkirchen.de

„Muzeum lovu – země - řeky“ je zaměřeno na téma lovu z přírodovědeckého i kulturněhistorického pohledu.
