{"id":2873,"date":"2016-05-10T10:39:14","date_gmt":"2016-05-10T08:39:14","guid":{"rendered":"https:\/\/urlaub-in-waldkirchen.de\/cs\/volny-cas\/pferdekutschen-und-pferdeschlittenfahrten\/"},"modified":"2016-08-02T13:44:45","modified_gmt":"2016-08-02T11:44:45","slug":"jizdy-kocarem-a-sanemi-s-konskym-sprezenim","status":"publish","type":"page","link":"https:\/\/urlaub-in-waldkirchen.de\/cs\/volny-cas\/jizdy-kocarem-a-sanemi-s-konskym-sprezenim\/","title":{"rendered":"J\u00edzdy ko\u010d\u00e1rem a san\u011bmi s ko\u0148sk\u00fdm sp\u0159e\u017een\u00edm"},"content":{"rendered":"<div class=\"wpb-content-wrapper\"><p>[vc_row][vc_column][vc_empty_space height=&#8220;20px&#8220;][vc_column_text]<\/p>\n<h1>J\u00edzdy ko\u010d\u00e1rem a san\u011bmi s ko\u0148sk\u00fdm sp\u0159e\u017een\u00edm<\/h1>\n<p>[\/vc_column_text][\/vc_column][\/vc_row][vc_row][vc_column][vc_column_text]P\u0159i romantick\u00e9 j\u00edzd\u011b ko\u010d\u00e1rem nebo san\u011bmi s\u00a0ko\u0148sk\u00fdm sp\u0159e\u017een\u00edm se m\u016f\u017eete pohodln\u011b op\u0159\u00edt a pln\u00fdmi dou\u0161ky si vychutn\u00e1vat okoln\u00ed p\u0159\u00edrodu! A\u0165 u\u017e v\u00a0l\u00e9t\u011b nebo v\u00a0zim\u011b \u2013 bez stresu a sp\u011bchu \u2013 to je z\u00e1\u017eitek pro mlad\u00e9 i star\u00e9!<\/p>\n<p>Zachuml\u00e1ni do tepl\u00fdch dek, za\u017eijete v\u00a0chladn\u00e9m ro\u010dn\u00edm obdob\u00ed pravou zimn\u00ed poh\u00e1dku a obdarujete sv\u00e9 mal\u00e9 i velk\u00e9 spolucestuj\u00edc\u00ed nezapomenuteln\u00fdm z\u00e1\u017eitkem.<\/p>\n<p>Dal\u0161\u00ed informace o nab\u00eddk\u00e1ch a poskytovatel\u00edch slu\u017eeb z\u00edsk\u00e1te v\u00a0<a href=\"https:\/\/urlaub-in-waldkirchen.de\/cs\/informace\/turisticke-informacni-centrum\/\">Turistick\u00e9m informa\u010dn\u00edm centru<\/a>![\/vc_column_text][\/vc_column][\/vc_row][vc_row][vc_column][vc_masonry_media_grid element_width=&#8220;3&#8243; grid_id=&#8220;vc_gid:1470138199139-cdc92c77-3abd-0&#8243; include=&#8220;1508,1507,1506,1505&#8243;][\/vc_column][\/vc_row][vc_row][vc_column][vc_separator color=&#8220;custom&#8220; accent_color=&#8220;#95c11f&#8220;][vc_btn title=&#8220;zp\u011bt na p\u0159ehled&#8220; shape=&#8220;square&#8220; color=&#8220;green&#8220; size=&#8220;sm&#8220; align=&#8220;right&#8220; link=&#8220;url:http%3A%2F%2Furlaub-in-waldkirchen.de%2Fcs%2Fvolny-cas%2F|||&#8220;][\/vc_column][\/vc_row]<\/p>\n<\/div>","protected":false},"excerpt":{"rendered":"<p>[vc_row][vc_column][vc_empty_space height=&#8220;20px&#8220;][vc_column_text] J\u00edzdy ko\u010d\u00e1rem a san\u011bmi s ko\u0148sk\u00fdm sp\u0159e\u017een\u00edm [\/vc_column_text][\/vc_column][\/vc_row][vc_row][vc_column][vc_column_text]P\u0159i romantick\u00e9 j\u00edzd\u011b ko\u010d\u00e1rem nebo san\u011bmi s\u00a0ko\u0148sk\u00fdm sp\u0159e\u017een\u00edm se m\u016f\u017eete pohodln\u011b op\u0159\u00edt a pln\u00fdmi dou\u0161ky si vychutn\u00e1vat<span class=\"excerpt-hellip\"> [\u2026]<\/span><\/p>\n","protected":false},"author":2,"featured_media":0,"parent":2703,"menu_order":0,"comment_status":"closed","ping_status":"closed","template":"","meta":{"footnotes":""},"class_list":["post-2873","page","type-page","status-publish","hentry"],"yoast_head":"<!-- This site is optimized with the Yoast SEO plugin v27.3 - https:\/\/yoast.com\/product\/yoast-seo-wordpress\/ -->\n<title>J\u00edzdy ko\u010d\u00e1rem a san\u011bmi s ko\u0148sk\u00fdm sp\u0159e\u017een\u00edm - urlaub-in-waldkirchen.de<\/title>\n<meta name=\"description\" content=\"P\u0159i romantick\u00e9 j\u00edzd\u011b ko\u010d\u00e1rem nebo san\u011bmi s ko\u0148sk\u00fdm sp\u0159e\u017een\u00edm se m\u016f\u017eete pohodln\u011b op\u0159\u00edt a pln\u00fdmi dou\u0161ky si vychutn\u00e1vat okoln\u00ed p\u0159\u00edrodu!\" \/>\n<meta name=\"robots\" content=\"index, follow, max-snippet:-1, max-image-preview:large, max-video-preview:-1\" \/>\n<link rel=\"canonical\" href=\"https:\/\/urlaub-in-waldkirchen.de\/cs\/volny-cas\/jizdy-kocarem-a-sanemi-s-konskym-sprezenim\/\" \/>\n<meta property=\"og:locale\" content=\"cs_CZ\" \/>\n<meta property=\"og:type\" content=\"article\" \/>\n<meta property=\"og:title\" content=\"J\u00edzdy ko\u010d\u00e1rem a san\u011bmi s ko\u0148sk\u00fdm sp\u0159e\u017een\u00edm - urlaub-in-waldkirchen.de\" \/>\n<meta property=\"og:description\" content=\"P\u0159i romantick\u00e9 j\u00edzd\u011b ko\u010d\u00e1rem nebo san\u011bmi s ko\u0148sk\u00fdm sp\u0159e\u017een\u00edm se m\u016f\u017eete pohodln\u011b op\u0159\u00edt a pln\u00fdmi dou\u0161ky si vychutn\u00e1vat okoln\u00ed p\u0159\u00edrodu!\" \/>\n<meta property=\"og:url\" content=\"https:\/\/urlaub-in-waldkirchen.de\/cs\/volny-cas\/jizdy-kocarem-a-sanemi-s-konskym-sprezenim\/\" \/>\n<meta property=\"og:site_name\" content=\"urlaub-in-waldkirchen.de\" \/>\n<meta property=\"article:modified_time\" content=\"2016-08-02T11:44:45+00:00\" \/>\n<meta name=\"twitter:card\" content=\"summary_large_image\" \/>\n<meta name=\"twitter:label1\" content=\"Odhadovan\u00e1 doba \u010dten\u00ed\" \/>\n\t<meta name=\"twitter:data1\" content=\"1 minuta\" \/>\n<script type=\"application\/ld+json\" class=\"yoast-schema-graph\">{\"@context\":\"https:\\\/\\\/schema.org\",\"@graph\":[{\"@type\":\"WebPage\",\"@id\":\"https:\\\/\\\/urlaub-in-waldkirchen.de\\\/cs\\\/volny-cas\\\/jizdy-kocarem-a-sanemi-s-konskym-sprezenim\\\/\",\"url\":\"https:\\\/\\\/urlaub-in-waldkirchen.de\\\/cs\\\/volny-cas\\\/jizdy-kocarem-a-sanemi-s-konskym-sprezenim\\\/\",\"name\":\"J\u00edzdy ko\u010d\u00e1rem a san\u011bmi s ko\u0148sk\u00fdm sp\u0159e\u017een\u00edm - urlaub-in-waldkirchen.de\",\"isPartOf\":{\"@id\":\"https:\\\/\\\/urlaub-in-waldkirchen.de\\\/#website\"},\"datePublished\":\"2016-05-10T08:39:14+00:00\",\"dateModified\":\"2016-08-02T11:44:45+00:00\",\"description\":\"P\u0159i romantick\u00e9 j\u00edzd\u011b ko\u010d\u00e1rem nebo san\u011bmi s ko\u0148sk\u00fdm sp\u0159e\u017een\u00edm se m\u016f\u017eete pohodln\u011b op\u0159\u00edt a pln\u00fdmi dou\u0161ky si vychutn\u00e1vat okoln\u00ed p\u0159\u00edrodu!\",\"breadcrumb\":{\"@id\":\"https:\\\/\\\/urlaub-in-waldkirchen.de\\\/cs\\\/volny-cas\\\/jizdy-kocarem-a-sanemi-s-konskym-sprezenim\\\/#breadcrumb\"},\"inLanguage\":\"cs\",\"potentialAction\":[{\"@type\":\"ReadAction\",\"target\":[\"https:\\\/\\\/urlaub-in-waldkirchen.de\\\/cs\\\/volny-cas\\\/jizdy-kocarem-a-sanemi-s-konskym-sprezenim\\\/\"]}]},{\"@type\":\"BreadcrumbList\",\"@id\":\"https:\\\/\\\/urlaub-in-waldkirchen.de\\\/cs\\\/volny-cas\\\/jizdy-kocarem-a-sanemi-s-konskym-sprezenim\\\/#breadcrumb\",\"itemListElement\":[{\"@type\":\"ListItem\",\"position\":1,\"name\":\"Startseite\",\"item\":\"https:\\\/\\\/urlaub-in-waldkirchen.de\\\/cs\\\/\"},{\"@type\":\"ListItem\",\"position\":2,\"name\":\"Voln\u00fd \u010das\",\"item\":\"https:\\\/\\\/urlaub-in-waldkirchen.de\\\/cs\\\/volny-cas\\\/\"},{\"@type\":\"ListItem\",\"position\":3,\"name\":\"J\u00edzdy ko\u010d\u00e1rem a san\u011bmi s ko\u0148sk\u00fdm sp\u0159e\u017een\u00edm\"}]},{\"@type\":\"WebSite\",\"@id\":\"https:\\\/\\\/urlaub-in-waldkirchen.de\\\/#website\",\"url\":\"https:\\\/\\\/urlaub-in-waldkirchen.de\\\/\",\"name\":\"urlaub-in-waldkirchen.de\",\"description\":\"\",\"potentialAction\":[{\"@type\":\"SearchAction\",\"target\":{\"@type\":\"EntryPoint\",\"urlTemplate\":\"https:\\\/\\\/urlaub-in-waldkirchen.de\\\/?s={search_term_string}\"},\"query-input\":{\"@type\":\"PropertyValueSpecification\",\"valueRequired\":true,\"valueName\":\"search_term_string\"}}],\"inLanguage\":\"cs\"}]}<\/script>\n<!-- \/ Yoast SEO plugin. -->","yoast_head_json":{"title":"J\u00edzdy ko\u010d\u00e1rem a san\u011bmi s ko\u0148sk\u00fdm sp\u0159e\u017een\u00edm - urlaub-in-waldkirchen.de","description":"P\u0159i romantick\u00e9 j\u00edzd\u011b ko\u010d\u00e1rem nebo san\u011bmi s ko\u0148sk\u00fdm sp\u0159e\u017een\u00edm se m\u016f\u017eete pohodln\u011b op\u0159\u00edt a pln\u00fdmi dou\u0161ky si vychutn\u00e1vat okoln\u00ed p\u0159\u00edrodu!","robots":{"index":"index","follow":"follow","max-snippet":"max-snippet:-1","max-image-preview":"max-image-preview:large","max-video-preview":"max-video-preview:-1"},"canonical":"https:\/\/urlaub-in-waldkirchen.de\/cs\/volny-cas\/jizdy-kocarem-a-sanemi-s-konskym-sprezenim\/","og_locale":"cs_CZ","og_type":"article","og_title":"J\u00edzdy ko\u010d\u00e1rem a san\u011bmi s ko\u0148sk\u00fdm sp\u0159e\u017een\u00edm - urlaub-in-waldkirchen.de","og_description":"P\u0159i romantick\u00e9 j\u00edzd\u011b ko\u010d\u00e1rem nebo san\u011bmi s ko\u0148sk\u00fdm sp\u0159e\u017een\u00edm se m\u016f\u017eete pohodln\u011b op\u0159\u00edt a pln\u00fdmi dou\u0161ky si vychutn\u00e1vat okoln\u00ed p\u0159\u00edrodu!","og_url":"https:\/\/urlaub-in-waldkirchen.de\/cs\/volny-cas\/jizdy-kocarem-a-sanemi-s-konskym-sprezenim\/","og_site_name":"urlaub-in-waldkirchen.de","article_modified_time":"2016-08-02T11:44:45+00:00","twitter_card":"summary_large_image","twitter_misc":{"Odhadovan\u00e1 doba \u010dten\u00ed":"1 minuta"},"schema":{"@context":"https:\/\/schema.org","@graph":[{"@type":"WebPage","@id":"https:\/\/urlaub-in-waldkirchen.de\/cs\/volny-cas\/jizdy-kocarem-a-sanemi-s-konskym-sprezenim\/","url":"https:\/\/urlaub-in-waldkirchen.de\/cs\/volny-cas\/jizdy-kocarem-a-sanemi-s-konskym-sprezenim\/","name":"J\u00edzdy ko\u010d\u00e1rem a san\u011bmi s ko\u0148sk\u00fdm sp\u0159e\u017een\u00edm - urlaub-in-waldkirchen.de","isPartOf":{"@id":"https:\/\/urlaub-in-waldkirchen.de\/#website"},"datePublished":"2016-05-10T08:39:14+00:00","dateModified":"2016-08-02T11:44:45+00:00","description":"P\u0159i romantick\u00e9 j\u00edzd\u011b ko\u010d\u00e1rem nebo san\u011bmi s ko\u0148sk\u00fdm sp\u0159e\u017een\u00edm se m\u016f\u017eete pohodln\u011b op\u0159\u00edt a pln\u00fdmi dou\u0161ky si vychutn\u00e1vat okoln\u00ed p\u0159\u00edrodu!","breadcrumb":{"@id":"https:\/\/urlaub-in-waldkirchen.de\/cs\/volny-cas\/jizdy-kocarem-a-sanemi-s-konskym-sprezenim\/#breadcrumb"},"inLanguage":"cs","potentialAction":[{"@type":"ReadAction","target":["https:\/\/urlaub-in-waldkirchen.de\/cs\/volny-cas\/jizdy-kocarem-a-sanemi-s-konskym-sprezenim\/"]}]},{"@type":"BreadcrumbList","@id":"https:\/\/urlaub-in-waldkirchen.de\/cs\/volny-cas\/jizdy-kocarem-a-sanemi-s-konskym-sprezenim\/#breadcrumb","itemListElement":[{"@type":"ListItem","position":1,"name":"Startseite","item":"https:\/\/urlaub-in-waldkirchen.de\/cs\/"},{"@type":"ListItem","position":2,"name":"Voln\u00fd \u010das","item":"https:\/\/urlaub-in-waldkirchen.de\/cs\/volny-cas\/"},{"@type":"ListItem","position":3,"name":"J\u00edzdy ko\u010d\u00e1rem a san\u011bmi s ko\u0148sk\u00fdm sp\u0159e\u017een\u00edm"}]},{"@type":"WebSite","@id":"https:\/\/urlaub-in-waldkirchen.de\/#website","url":"https:\/\/urlaub-in-waldkirchen.de\/","name":"urlaub-in-waldkirchen.de","description":"","potentialAction":[{"@type":"SearchAction","target":{"@type":"EntryPoint","urlTemplate":"https:\/\/urlaub-in-waldkirchen.de\/?s={search_term_string}"},"query-input":{"@type":"PropertyValueSpecification","valueRequired":true,"valueName":"search_term_string"}}],"inLanguage":"cs"}]}},"_links":{"self":[{"href":"https:\/\/urlaub-in-waldkirchen.de\/cs\/wp-json\/wp\/v2\/pages\/2873","targetHints":{"allow":["GET"]}}],"collection":[{"href":"https:\/\/urlaub-in-waldkirchen.de\/cs\/wp-json\/wp\/v2\/pages"}],"about":[{"href":"https:\/\/urlaub-in-waldkirchen.de\/cs\/wp-json\/wp\/v2\/types\/page"}],"author":[{"embeddable":true,"href":"https:\/\/urlaub-in-waldkirchen.de\/cs\/wp-json\/wp\/v2\/users\/2"}],"replies":[{"embeddable":true,"href":"https:\/\/urlaub-in-waldkirchen.de\/cs\/wp-json\/wp\/v2\/comments?post=2873"}],"version-history":[{"count":0,"href":"https:\/\/urlaub-in-waldkirchen.de\/cs\/wp-json\/wp\/v2\/pages\/2873\/revisions"}],"up":[{"embeddable":true,"href":"https:\/\/urlaub-in-waldkirchen.de\/cs\/wp-json\/wp\/v2\/pages\/2703"}],"wp:attachment":[{"href":"https:\/\/urlaub-in-waldkirchen.de\/cs\/wp-json\/wp\/v2\/media?parent=2873"}],"curies":[{"name":"wp","href":"https:\/\/api.w.org\/{rel}","templated":true}]}}

Jízdy kočárem a saněmi s koňským spřežením

<div class="wpb-content-wrapper"><p>[vc_row][vc_column][vc_empty_space height=&#8220;20px&#8220;][vc_column_text]</p>
<h1>Jízdy kočárem a saněmi s koňským spřežením</h1>
<p>[/vc_column_text][/vc_column][/vc_row][vc_row][vc_column][vc_column_text]Při romantické jízdě kočárem nebo saněmi s koňským spřežením se můžete pohodlně opřít a plnými doušky si vychutnávat okolní přírodu! Ať už v létě nebo v zimě – bez stresu a spěchu – to je zážitek pro mladé i staré!</p>
<p>Zachumláni do teplých dek, zažijete v chladném ročním období pravou zimní pohádku a obdarujete své malé i velké spolucestující nezapomenutelným zážitkem.</p>
<p>Další informace o nabídkách a poskytovatelích služeb získáte v <a href="https://urlaub-in-waldkirchen.de/cs/informace/turisticke-informacni-centrum/">Turistickém informačním centru</a>![/vc_column_text][/vc_column][/vc_row][vc_row][vc_column][vc_masonry_media_grid element_width=&#8220;3&#8243; grid_id=&#8220;vc_gid:1470138199139-cdc92c77-3abd-0&#8243; include=&#8220;1508,1507,1506,1505&#8243;][/vc_column][/vc_row][vc_row][vc_column][vc_separator color=&#8220;custom&#8220; accent_color=&#8220;#95c11f&#8220;][vc_btn title=&#8220;zpět na přehled&#8220; shape=&#8220;square&#8220; color=&#8220;green&#8220; size=&#8220;sm&#8220; align=&#8220;right&#8220; link=&#8220;url:http%3A%2F%2Furlaub-in-waldkirchen.de%2Fcs%2Fvolny-cas%2F|||&#8220;][/vc_column][/vc_row]</p>
</div>

<p>[vc_row][vc_column][vc_empty_space height=&#8220;20px&#8220;][vc_column_text] Jízdy kočárem a saněmi s koňským spřežením [/vc_column_text][/vc_column][/vc_row][vc_row][vc_column][vc_column_text]Při romantické jízdě kočárem nebo saněmi s koňským spřežením se můžete pohodlně opřít a plnými doušky si vychutnávat<span class="excerpt-hellip"> […]</span></p>

<!-- This site is optimized with the Yoast SEO plugin v27.3 - https://yoast.com/product/yoast-seo-wordpress/ -->
<title>Jízdy kočárem a saněmi s koňským spřežením - urlaub-in-waldkirchen.de</title>
<meta name="description" content="Při romantické jízdě kočárem nebo saněmi s koňským spřežením se můžete pohodlně opřít a plnými doušky si vychutnávat okolní přírodu!" />
<meta name="robots" content="index, follow, max-snippet:-1, max-image-preview:large, max-video-preview:-1" />
<link rel="canonical" href="https://urlaub-in-waldkirchen.de/cs/volny-cas/jizdy-kocarem-a-sanemi-s-konskym-sprezenim/" />
<meta property="og:locale" content="cs_CZ" />
<meta property="og:type" content="article" />
<meta property="og:title" content="Jízdy kočárem a saněmi s koňským spřežením - urlaub-in-waldkirchen.de" />
<meta property="og:description" content="Při romantické jízdě kočárem nebo saněmi s koňským spřežením se můžete pohodlně opřít a plnými doušky si vychutnávat okolní přírodu!" />
<meta property="og:url" content="https://urlaub-in-waldkirchen.de/cs/volny-cas/jizdy-kocarem-a-sanemi-s-konskym-sprezenim/" />
<meta property="og:site_name" content="urlaub-in-waldkirchen.de" />
<meta property="article:modified_time" content="2016-08-02T11:44:45+00:00" />
<meta name="twitter:card" content="summary_large_image" />
<meta name="twitter:label1" content="Odhadovaná doba čtení" />
	<meta name="twitter:data1" content="1 minuta" />
<script type="application/ld+json" class="yoast-schema-graph">{"@context":"https:\/\/schema.org","@graph":[{"@type":"WebPage","@id":"https:\/\/urlaub-in-waldkirchen.de\/cs\/volny-cas\/jizdy-kocarem-a-sanemi-s-konskym-sprezenim\/","url":"https:\/\/urlaub-in-waldkirchen.de\/cs\/volny-cas\/jizdy-kocarem-a-sanemi-s-konskym-sprezenim\/","name":"Jízdy kočárem a saněmi s koňským spřežením - urlaub-in-waldkirchen.de","isPartOf":{"@id":"https:\/\/urlaub-in-waldkirchen.de\/#website"},"datePublished":"2016-05-10T08:39:14+00:00","dateModified":"2016-08-02T11:44:45+00:00","description":"Při romantické jízdě kočárem nebo saněmi s koňským spřežením se můžete pohodlně opřít a plnými doušky si vychutnávat okolní přírodu!","breadcrumb":{"@id":"https:\/\/urlaub-in-waldkirchen.de\/cs\/volny-cas\/jizdy-kocarem-a-sanemi-s-konskym-sprezenim\/#breadcrumb"},"inLanguage":"cs","potentialAction":[{"@type":"ReadAction","target":["https:\/\/urlaub-in-waldkirchen.de\/cs\/volny-cas\/jizdy-kocarem-a-sanemi-s-konskym-sprezenim\/"]}]},{"@type":"BreadcrumbList","@id":"https:\/\/urlaub-in-waldkirchen.de\/cs\/volny-cas\/jizdy-kocarem-a-sanemi-s-konskym-sprezenim\/#breadcrumb","itemListElement":[{"@type":"ListItem","position":1,"name":"Startseite","item":"https:\/\/urlaub-in-waldkirchen.de\/cs\/"},{"@type":"ListItem","position":2,"name":"Volný čas","item":"https:\/\/urlaub-in-waldkirchen.de\/cs\/volny-cas\/"},{"@type":"ListItem","position":3,"name":"Jízdy kočárem a saněmi s koňským spřežením"}]},{"@type":"WebSite","@id":"https:\/\/urlaub-in-waldkirchen.de\/#website","url":"https:\/\/urlaub-in-waldkirchen.de\/","name":"urlaub-in-waldkirchen.de","description":"","potentialAction":[{"@type":"SearchAction","target":{"@type":"EntryPoint","urlTemplate":"https:\/\/urlaub-in-waldkirchen.de\/?s={search_term_string}"},"query-input":{"@type":"PropertyValueSpecification","valueRequired":true,"valueName":"search_term_string"}}],"inLanguage":"cs"}]}</script>
<!-- / Yoast SEO plugin. -->

Jízdy kočárem a saněmi s koňským spřežením - urlaub-in-waldkirchen.de

Při romantické jízdě kočárem nebo saněmi s koňským spřežením se můžete pohodlně opřít a plnými doušky si vychutnávat okolní přírodu!

Volný čas
