{"id":3432,"date":"2016-04-05T12:53:58","date_gmt":"2016-04-05T10:53:58","guid":{"rendered":"https:\/\/urlaub-in-waldkirchen.de\/cs\/urlaub-in-waldkirchen\/"},"modified":"2018-01-26T08:54:05","modified_gmt":"2018-01-26T07:54:05","slug":"dovolena-ve-waldkirchenu","status":"publish","type":"page","link":"https:\/\/urlaub-in-waldkirchen.de\/cs\/","title":{"rendered":"Dovolen\u00e1 ve Waldkirchenu"},"content":{"rendered":"<div class=\"wpb-content-wrapper\"><p>[vc_row][vc_column][vc_empty_space height=&#8220;20px&#8220;][\/vc_column][\/vc_row][vc_row][vc_column width=&#8220;1\/4&#8243;][vc_column_text]<\/p>\n<h3><span style=\"color: #95c11f;\">Aplikace a soci\u00e1ln\u00ed m\u00e9dia<\/span><\/h3>\n<p><a href=\"https:\/\/www.facebook.com\/tourismus.waldkirchen\" target=\"_blank\" rel=\"noopener\">FACEBOOK FANPAGE &gt;&gt;<\/a><\/p>\n<p><a href=\"https:\/\/www.youtube.com\/channel\/UCX1bNay9-rlICTSlHAIhe8A\" target=\"_blank\" rel=\"noopener\">YOUTUBE &gt;&gt;<\/a>[\/vc_column_text][\/vc_column][vc_column width=&#8220;1\/4&#8243;][vc_column_text]<\/p>\n<h3><span style=\"color: #95c11f;\">Propaga\u010dn\u00ed materi\u00e1ly<\/span><\/h3>\n<p><a href=\"https:\/\/urlaub-in-waldkirchen.de\/wp-content\/uploads\/2017\/03\/Imagebroschuere_waki_web.pdf\" target=\"_blank\" rel=\"noopener\">VIRTU\u00c1LN\u00cd KATALOG<\/a><\/p>\n<p><a href=\"https:\/\/urlaub-in-waldkirchen.de\/wp-content\/uploads\/2017\/01\/GGV_2017_gesamt_2korrektur-2.pdf\" target=\"_blank\" rel=\"noopener\">KATALOG UBYTOV\u00c1N\u00cd<\/a><\/p>\n<p><a href=\"https:\/\/urlaub-in-waldkirchen.de\/wp-content\/uploads\/2016\/05\/freizeitfuehrer_Waldkirchen_web.pdf\" target=\"_blank\" rel=\"noopener\">PR\u016eVODCE PRO VOLN\u00dd \u010cAS<\/a>[\/vc_column_text][\/vc_column][vc_column width=&#8220;1\/4&#8243;][vc_column_text]<\/p>\n<h3><span style=\"color: #95c11f;\">ke sta\u017een\u00ed<\/span><\/h3>\n<p><a href=\"https:\/\/urlaub-in-waldkirchen.de\/wp-content\/uploads\/2016\/05\/QR_CODEflyer_web.pdf\" target=\"_blank\" rel=\"noopener\">PROHL\u00cdDKA M\u011aSTA s\u00a0QR K\u00d3DEM<\/a><\/p>\n<p><a href=\"https:\/\/urlaub-in-waldkirchen.de\/wp-content\/uploads\/2016\/05\/buergerbroschoere2015.pdf\" target=\"_blank\" rel=\"noopener\">BRO\u017dURA \u2013 INFORMACE O M\u011aST\u011a<\/a><\/p>\n<p><a href=\"https:\/\/urlaub-in-waldkirchen.de\/wp-content\/uploads\/2018\/01\/Wirtebrosch\u00fcre_2018_internet.pdf\" target=\"_blank\" rel=\"noopener\">PROSPEKT &#8211; GASTRONOMIE<\/a>[\/vc_column_text][\/vc_column][vc_column width=&#8220;1\/4&#8243;][vc_single_image image=&#8220;1663&#8243; img_size=&#8220;230&#215;152&#8243; alignment=&#8220;center&#8220; style=&#8220;vc_box_shadow_3d&#8220; onclick=&#8220;custom_link&#8220; link=&#8220;https:\/\/urlaub-in-waldkirchen.de\/info\/gaestekarte\/&#8220;][\/vc_column][\/vc_row][vc_row full_width=&#8220;stretch_row_content&#8220;][vc_column][vc_separator color=&#8220;custom&#8220; accent_color=&#8220;#95c11f&#8220;][\/vc_column][\/vc_row]<\/p>\n<\/div>","protected":false},"excerpt":{"rendered":"<p>[vc_row][vc_column][vc_empty_space height=&#8220;20px&#8220;][\/vc_column][\/vc_row][vc_row][vc_column width=&#8220;1\/4&#8243;][vc_column_text] Aplikace a soci\u00e1ln\u00ed m\u00e9dia FACEBOOK FANPAGE &gt;&gt; YOUTUBE &gt;&gt;[\/vc_column_text][\/vc_column][vc_column width=&#8220;1\/4&#8243;][vc_column_text] Propaga\u010dn\u00ed materi\u00e1ly VIRTU\u00c1LN\u00cd KATALOG KATALOG UBYTOV\u00c1N\u00cd PR\u016eVODCE PRO VOLN\u00dd \u010cAS[\/vc_column_text][\/vc_column][vc_column width=&#8220;1\/4&#8243;][vc_column_text] ke sta\u017een\u00ed<span class=\"excerpt-hellip\"> [\u2026]<\/span><\/p>\n","protected":false},"author":2,"featured_media":0,"parent":0,"menu_order":0,"comment_status":"closed","ping_status":"closed","template":"","meta":{"footnotes":""},"class_list":["post-3432","page","type-page","status-publish","hentry"],"yoast_head":"<!-- This site is optimized with the Yoast SEO plugin v27.3 - https:\/\/yoast.com\/product\/yoast-seo-wordpress\/ -->\n<title>Dovolen\u00e1 ve Waldkirchenu<\/title>\n<meta name=\"description\" content=\"Urlaub im Bayrischen Wald, Radeln, Biken, Wandern, Golfen, Badespa\u00df und Wellness, Skispa\u00df total, Freizeit und Spa\u00df pur, Freuden f\u00fcr den Gaumen\" \/>\n<meta name=\"robots\" content=\"index, follow, max-snippet:-1, max-image-preview:large, max-video-preview:-1\" \/>\n<link rel=\"canonical\" href=\"https:\/\/urlaub-in-waldkirchen.de\/cs\/\" \/>\n<meta property=\"og:locale\" content=\"cs_CZ\" \/>\n<meta property=\"og:type\" content=\"article\" \/>\n<meta property=\"og:title\" content=\"Dovolen\u00e1 ve Waldkirchenu\" \/>\n<meta property=\"og:description\" content=\"Urlaub im Bayrischen Wald, Radeln, Biken, Wandern, Golfen, Badespa\u00df und Wellness, Skispa\u00df total, Freizeit und Spa\u00df pur, Freuden f\u00fcr den Gaumen\" \/>\n<meta property=\"og:url\" content=\"https:\/\/urlaub-in-waldkirchen.de\/cs\/\" \/>\n<meta property=\"og:site_name\" content=\"urlaub-in-waldkirchen.de\" \/>\n<meta property=\"article:modified_time\" content=\"2018-01-26T07:54:05+00:00\" \/>\n<meta name=\"twitter:card\" content=\"summary_large_image\" \/>\n<meta name=\"twitter:label1\" content=\"Odhadovan\u00e1 doba \u010dten\u00ed\" \/>\n\t<meta name=\"twitter:data1\" content=\"1 minuta\" \/>\n<script type=\"application\/ld+json\" class=\"yoast-schema-graph\">{\"@context\":\"https:\\\/\\\/schema.org\",\"@graph\":[{\"@type\":\"WebPage\",\"@id\":\"https:\\\/\\\/urlaub-in-waldkirchen.de\\\/cs\\\/\",\"url\":\"https:\\\/\\\/urlaub-in-waldkirchen.de\\\/cs\\\/\",\"name\":\"Dovolen\u00e1 ve Waldkirchenu\",\"isPartOf\":{\"@id\":\"https:\\\/\\\/urlaub-in-waldkirchen.de\\\/#website\"},\"datePublished\":\"2016-04-05T10:53:58+00:00\",\"dateModified\":\"2018-01-26T07:54:05+00:00\",\"description\":\"Urlaub im Bayrischen Wald, Radeln, Biken, Wandern, Golfen, Badespa\u00df und Wellness, Skispa\u00df total, Freizeit und Spa\u00df pur, Freuden f\u00fcr den Gaumen\",\"breadcrumb\":{\"@id\":\"https:\\\/\\\/urlaub-in-waldkirchen.de\\\/cs\\\/#breadcrumb\"},\"inLanguage\":\"cs\",\"potentialAction\":[{\"@type\":\"ReadAction\",\"target\":[\"https:\\\/\\\/urlaub-in-waldkirchen.de\\\/cs\\\/\"]}]},{\"@type\":\"BreadcrumbList\",\"@id\":\"https:\\\/\\\/urlaub-in-waldkirchen.de\\\/cs\\\/#breadcrumb\",\"itemListElement\":[{\"@type\":\"ListItem\",\"position\":1,\"name\":\"Startseite\",\"item\":\"https:\\\/\\\/urlaub-in-waldkirchen.de\\\/cs\\\/\"},{\"@type\":\"ListItem\",\"position\":2,\"name\":\"Dovolen\u00e1 ve Waldkirchenu\"}]},{\"@type\":\"WebSite\",\"@id\":\"https:\\\/\\\/urlaub-in-waldkirchen.de\\\/#website\",\"url\":\"https:\\\/\\\/urlaub-in-waldkirchen.de\\\/\",\"name\":\"urlaub-in-waldkirchen.de\",\"description\":\"\",\"potentialAction\":[{\"@type\":\"SearchAction\",\"target\":{\"@type\":\"EntryPoint\",\"urlTemplate\":\"https:\\\/\\\/urlaub-in-waldkirchen.de\\\/?s={search_term_string}\"},\"query-input\":{\"@type\":\"PropertyValueSpecification\",\"valueRequired\":true,\"valueName\":\"search_term_string\"}}],\"inLanguage\":\"cs\"}]}<\/script>\n<!-- \/ Yoast SEO plugin. -->","yoast_head_json":{"title":"Dovolen\u00e1 ve Waldkirchenu","description":"Urlaub im Bayrischen Wald, Radeln, Biken, Wandern, Golfen, Badespa\u00df und Wellness, Skispa\u00df total, Freizeit und Spa\u00df pur, Freuden f\u00fcr den Gaumen","robots":{"index":"index","follow":"follow","max-snippet":"max-snippet:-1","max-image-preview":"max-image-preview:large","max-video-preview":"max-video-preview:-1"},"canonical":"https:\/\/urlaub-in-waldkirchen.de\/cs\/","og_locale":"cs_CZ","og_type":"article","og_title":"Dovolen\u00e1 ve Waldkirchenu","og_description":"Urlaub im Bayrischen Wald, Radeln, Biken, Wandern, Golfen, Badespa\u00df und Wellness, Skispa\u00df total, Freizeit und Spa\u00df pur, Freuden f\u00fcr den Gaumen","og_url":"https:\/\/urlaub-in-waldkirchen.de\/cs\/","og_site_name":"urlaub-in-waldkirchen.de","article_modified_time":"2018-01-26T07:54:05+00:00","twitter_card":"summary_large_image","twitter_misc":{"Odhadovan\u00e1 doba \u010dten\u00ed":"1 minuta"},"schema":{"@context":"https:\/\/schema.org","@graph":[{"@type":"WebPage","@id":"https:\/\/urlaub-in-waldkirchen.de\/cs\/","url":"https:\/\/urlaub-in-waldkirchen.de\/cs\/","name":"Dovolen\u00e1 ve Waldkirchenu","isPartOf":{"@id":"https:\/\/urlaub-in-waldkirchen.de\/#website"},"datePublished":"2016-04-05T10:53:58+00:00","dateModified":"2018-01-26T07:54:05+00:00","description":"Urlaub im Bayrischen Wald, Radeln, Biken, Wandern, Golfen, Badespa\u00df und Wellness, Skispa\u00df total, Freizeit und Spa\u00df pur, Freuden f\u00fcr den Gaumen","breadcrumb":{"@id":"https:\/\/urlaub-in-waldkirchen.de\/cs\/#breadcrumb"},"inLanguage":"cs","potentialAction":[{"@type":"ReadAction","target":["https:\/\/urlaub-in-waldkirchen.de\/cs\/"]}]},{"@type":"BreadcrumbList","@id":"https:\/\/urlaub-in-waldkirchen.de\/cs\/#breadcrumb","itemListElement":[{"@type":"ListItem","position":1,"name":"Startseite","item":"https:\/\/urlaub-in-waldkirchen.de\/cs\/"},{"@type":"ListItem","position":2,"name":"Dovolen\u00e1 ve Waldkirchenu"}]},{"@type":"WebSite","@id":"https:\/\/urlaub-in-waldkirchen.de\/#website","url":"https:\/\/urlaub-in-waldkirchen.de\/","name":"urlaub-in-waldkirchen.de","description":"","potentialAction":[{"@type":"SearchAction","target":{"@type":"EntryPoint","urlTemplate":"https:\/\/urlaub-in-waldkirchen.de\/?s={search_term_string}"},"query-input":{"@type":"PropertyValueSpecification","valueRequired":true,"valueName":"search_term_string"}}],"inLanguage":"cs"}]}},"_links":{"self":[{"href":"https:\/\/urlaub-in-waldkirchen.de\/cs\/wp-json\/wp\/v2\/pages\/3432","targetHints":{"allow":["GET"]}}],"collection":[{"href":"https:\/\/urlaub-in-waldkirchen.de\/cs\/wp-json\/wp\/v2\/pages"}],"about":[{"href":"https:\/\/urlaub-in-waldkirchen.de\/cs\/wp-json\/wp\/v2\/types\/page"}],"author":[{"embeddable":true,"href":"https:\/\/urlaub-in-waldkirchen.de\/cs\/wp-json\/wp\/v2\/users\/2"}],"replies":[{"embeddable":true,"href":"https:\/\/urlaub-in-waldkirchen.de\/cs\/wp-json\/wp\/v2\/comments?post=3432"}],"version-history":[{"count":4,"href":"https:\/\/urlaub-in-waldkirchen.de\/cs\/wp-json\/wp\/v2\/pages\/3432\/revisions"}],"predecessor-version":[{"id":4602,"href":"https:\/\/urlaub-in-waldkirchen.de\/cs\/wp-json\/wp\/v2\/pages\/3432\/revisions\/4602"}],"wp:attachment":[{"href":"https:\/\/urlaub-in-waldkirchen.de\/cs\/wp-json\/wp\/v2\/media?parent=3432"}],"curies":[{"name":"wp","href":"https:\/\/api.w.org\/{rel}","templated":true}]}}

Dovolená ve Waldkirchenu

<div class="wpb-content-wrapper"><p>[vc_row][vc_column][vc_empty_space height=&#8220;20px&#8220;][/vc_column][/vc_row][vc_row][vc_column width=&#8220;1/4&#8243;][vc_column_text]</p>
<h3><span style="color: #95c11f;">Aplikace a sociální média</span></h3>
<p><a href="https://www.facebook.com/tourismus.waldkirchen" target="_blank" rel="noopener">FACEBOOK FANPAGE &gt;&gt;</a></p>
<p><a href="https://www.youtube.com/channel/UCX1bNay9-rlICTSlHAIhe8A" target="_blank" rel="noopener">YOUTUBE &gt;&gt;</a>[/vc_column_text][/vc_column][vc_column width=&#8220;1/4&#8243;][vc_column_text]</p>
<h3><span style="color: #95c11f;">Propagační materiály</span></h3>
<p><a href="https://urlaub-in-waldkirchen.de/wp-content/uploads/2017/03/Imagebroschuere_waki_web.pdf" target="_blank" rel="noopener">VIRTUÁLNÍ KATALOG</a></p>
<p><a href="https://urlaub-in-waldkirchen.de/wp-content/uploads/2017/01/GGV_2017_gesamt_2korrektur-2.pdf" target="_blank" rel="noopener">KATALOG UBYTOVÁNÍ</a></p>
<p><a href="https://urlaub-in-waldkirchen.de/wp-content/uploads/2016/05/freizeitfuehrer_Waldkirchen_web.pdf" target="_blank" rel="noopener">PRŮVODCE PRO VOLNÝ ČAS</a>[/vc_column_text][/vc_column][vc_column width=&#8220;1/4&#8243;][vc_column_text]</p>
<h3><span style="color: #95c11f;">ke stažení</span></h3>
<p><a href="https://urlaub-in-waldkirchen.de/wp-content/uploads/2016/05/QR_CODEflyer_web.pdf" target="_blank" rel="noopener">PROHLÍDKA MĚSTA s QR KÓDEM</a></p>
<p><a href="https://urlaub-in-waldkirchen.de/wp-content/uploads/2016/05/buergerbroschoere2015.pdf" target="_blank" rel="noopener">BROŽURA – INFORMACE O MĚSTĚ</a></p>
<p><a href="https://urlaub-in-waldkirchen.de/wp-content/uploads/2018/01/Wirtebroschüre_2018_internet.pdf" target="_blank" rel="noopener">PROSPEKT &#8211; GASTRONOMIE</a>[/vc_column_text][/vc_column][vc_column width=&#8220;1/4&#8243;][vc_single_image image=&#8220;1663&#8243; img_size=&#8220;230&#215;152&#8243; alignment=&#8220;center&#8220; style=&#8220;vc_box_shadow_3d&#8220; onclick=&#8220;custom_link&#8220; link=&#8220;https://urlaub-in-waldkirchen.de/info/gaestekarte/&#8220;][/vc_column][/vc_row][vc_row full_width=&#8220;stretch_row_content&#8220;][vc_column][vc_separator color=&#8220;custom&#8220; accent_color=&#8220;#95c11f&#8220;][/vc_column][/vc_row]</p>
</div>

<p>[vc_row][vc_column][vc_empty_space height=&#8220;20px&#8220;][/vc_column][/vc_row][vc_row][vc_column width=&#8220;1/4&#8243;][vc_column_text] Aplikace a sociální média FACEBOOK FANPAGE &gt;&gt; YOUTUBE &gt;&gt;[/vc_column_text][/vc_column][vc_column width=&#8220;1/4&#8243;][vc_column_text] Propagační materiály VIRTUÁLNÍ KATALOG KATALOG UBYTOVÁNÍ PRŮVODCE PRO VOLNÝ ČAS[/vc_column_text][/vc_column][vc_column width=&#8220;1/4&#8243;][vc_column_text] ke stažení<span class="excerpt-hellip"> […]</span></p>

<!-- This site is optimized with the Yoast SEO plugin v27.3 - https://yoast.com/product/yoast-seo-wordpress/ -->
<title>Dovolená ve Waldkirchenu</title>
<meta name="description" content="Urlaub im Bayrischen Wald, Radeln, Biken, Wandern, Golfen, Badespaß und Wellness, Skispaß total, Freizeit und Spaß pur, Freuden für den Gaumen" />
<meta name="robots" content="index, follow, max-snippet:-1, max-image-preview:large, max-video-preview:-1" />
<link rel="canonical" href="https://urlaub-in-waldkirchen.de/cs/" />
<meta property="og:locale" content="cs_CZ" />
<meta property="og:type" content="article" />
<meta property="og:title" content="Dovolená ve Waldkirchenu" />
<meta property="og:description" content="Urlaub im Bayrischen Wald, Radeln, Biken, Wandern, Golfen, Badespaß und Wellness, Skispaß total, Freizeit und Spaß pur, Freuden für den Gaumen" />
<meta property="og:url" content="https://urlaub-in-waldkirchen.de/cs/" />
<meta property="og:site_name" content="urlaub-in-waldkirchen.de" />
<meta property="article:modified_time" content="2018-01-26T07:54:05+00:00" />
<meta name="twitter:card" content="summary_large_image" />
<meta name="twitter:label1" content="Odhadovaná doba čtení" />
	<meta name="twitter:data1" content="1 minuta" />
<script type="application/ld+json" class="yoast-schema-graph">{"@context":"https:\/\/schema.org","@graph":[{"@type":"WebPage","@id":"https:\/\/urlaub-in-waldkirchen.de\/cs\/","url":"https:\/\/urlaub-in-waldkirchen.de\/cs\/","name":"Dovolená ve Waldkirchenu","isPartOf":{"@id":"https:\/\/urlaub-in-waldkirchen.de\/#website"},"datePublished":"2016-04-05T10:53:58+00:00","dateModified":"2018-01-26T07:54:05+00:00","description":"Urlaub im Bayrischen Wald, Radeln, Biken, Wandern, Golfen, Badespaß und Wellness, Skispaß total, Freizeit und Spaß pur, Freuden für den Gaumen","breadcrumb":{"@id":"https:\/\/urlaub-in-waldkirchen.de\/cs\/#breadcrumb"},"inLanguage":"cs","potentialAction":[{"@type":"ReadAction","target":["https:\/\/urlaub-in-waldkirchen.de\/cs\/"]}]},{"@type":"BreadcrumbList","@id":"https:\/\/urlaub-in-waldkirchen.de\/cs\/#breadcrumb","itemListElement":[{"@type":"ListItem","position":1,"name":"Startseite","item":"https:\/\/urlaub-in-waldkirchen.de\/cs\/"},{"@type":"ListItem","position":2,"name":"Dovolená ve Waldkirchenu"}]},{"@type":"WebSite","@id":"https:\/\/urlaub-in-waldkirchen.de\/#website","url":"https:\/\/urlaub-in-waldkirchen.de\/","name":"urlaub-in-waldkirchen.de","description":"","potentialAction":[{"@type":"SearchAction","target":{"@type":"EntryPoint","urlTemplate":"https:\/\/urlaub-in-waldkirchen.de\/?s={search_term_string}"},"query-input":{"@type":"PropertyValueSpecification","valueRequired":true,"valueName":"search_term_string"}}],"inLanguage":"cs"}]}</script>
<!-- / Yoast SEO plugin. -->

Urlaub im Bayrischen Wald, Radeln, Biken, Wandern, Golfen, Badespaß und Wellness, Skispaß total, Freizeit und Spaß pur, Freuden für den Gaumen
