{"id":3752,"date":"2016-04-26T15:46:41","date_gmt":"2016-04-26T13:46:41","guid":{"rendered":"https:\/\/urlaub-in-waldkirchen.de\/cs\/aquapark\/gutscheine\/"},"modified":"2016-08-18T14:12:52","modified_gmt":"2016-08-18T12:12:52","slug":"darkove-poukazy","status":"publish","type":"page","link":"https:\/\/urlaub-in-waldkirchen.de\/cs\/aquapark\/darkove-poukazy\/","title":{"rendered":"D\u00e1rkov\u00e9 poukazy"},"content":{"rendered":"<div class=\"wpb-content-wrapper\"><p>[vc_row][vc_column][vc_empty_space height=&#8220;20px&#8220;][vc_column_text]<\/p>\n<h1>Aquapark Karoli \u2013 d\u00e1rkov\u00e9 poukazy<\/h1>\n<p>[\/vc_column_text][\/vc_column][\/vc_row][vc_row][vc_column][vc_column_text]<strong>\u201eDarujte\u201c sv\u00fdm bl\u00edzk\u00fdm relaxa\u010dn\u00ed pobyt v\u00a0<\/strong><a href=\"https:\/\/urlaub-in-waldkirchen.de\/cs\/aquapark\/\"><strong>Aquaparku Karoli<\/strong><\/a><strong>!<\/strong><\/p>\n<p>Pr\u00e1v\u011b hled\u00e1te d\u00e1rek? Pak v\u00e1m m\u016f\u017eeme s na\u0161\u00edm d\u00e1rkov\u00fdm poukazem nab\u00eddnout p\u0159esn\u011b to prav\u00e9 pro v\u00e1s!<\/p>\n<p>A\u0165 u\u017e se bude jednat o jednotliv\u00e9 vstupy do\u00a0<a href=\"https:\/\/urlaub-in-waldkirchen.de\/cs\/aquapark\/kryty-bazen\/\">kryt\u00e9ho baz\u00e9nu<\/a>\u00a0nebo\u00a0<a href=\"https:\/\/urlaub-in-waldkirchen.de\/cs\/aquapark\/mediterraneum\/\">mediterranea<\/a>, nebo o permanentku na 10 vstup\u016f, p\u0159\u00edpadn\u011b bonusovou kartu v\u00a0hodnot\u011b, kterou si sami vyberete \u2013 nab\u00edz\u00edme p\u0159im\u011b\u0159en\u00e9 \u0159e\u0161en\u00ed pro ka\u017edou pen\u011b\u017eenku.<\/p>\n<p>Na\u0161e pracovnice v\u00a0pokladn\u011b baz\u00e9nu v\u00e1m r\u00e1dy porad\u00ed!<\/p>\n<p>Dal\u0161\u00ed informace z\u00edsk\u00e1te na tel. 0049 8581\/986990 nebo e-mailu\u00a0<a href=\"mailto:karoli-badepark@waldkirchen.de\">karoli-badepark@waldkirchen.de<\/a>[\/vc_column_text][\/vc_column][\/vc_row][vc_row][vc_column][vc_separator color=&#8220;custom&#8220; accent_color=&#8220;#95c11f&#8220;][vc_btn title=&#8220;zp\u011bt na p\u0159ehled&#8220; shape=&#8220;square&#8220; color=&#8220;green&#8220; size=&#8220;sm&#8220; align=&#8220;right&#8220; link=&#8220;url:http%3A%2F%2Furlaub-in-waldkirchen.de%2Fcs%2Faquapark%2F|||&#8220;][\/vc_column][\/vc_row]<\/p>\n<\/div>","protected":false},"excerpt":{"rendered":"<p>[vc_row][vc_column][vc_empty_space height=&#8220;20px&#8220;][vc_column_text] Aquapark Karoli \u2013 d\u00e1rkov\u00e9 poukazy [\/vc_column_text][\/vc_column][\/vc_row][vc_row][vc_column][vc_column_text]\u201eDarujte\u201c sv\u00fdm bl\u00edzk\u00fdm relaxa\u010dn\u00ed pobyt v\u00a0Aquaparku Karoli! Pr\u00e1v\u011b hled\u00e1te d\u00e1rek? Pak v\u00e1m m\u016f\u017eeme s na\u0161\u00edm d\u00e1rkov\u00fdm poukazem nab\u00eddnout p\u0159esn\u011b<span class=\"excerpt-hellip\"> [\u2026]<\/span><\/p>\n","protected":false},"author":2,"featured_media":0,"parent":3663,"menu_order":0,"comment_status":"closed","ping_status":"closed","template":"","meta":{"footnotes":""},"class_list":["post-3752","page","type-page","status-publish","hentry"],"yoast_head":"<!-- This site is optimized with the Yoast SEO plugin v27.3 - https:\/\/yoast.com\/product\/yoast-seo-wordpress\/ -->\n<title>D\u00e1rkov\u00e9 poukazy - urlaub-in-waldkirchen.de<\/title>\n<meta name=\"description\" content=\"\u201eDarujte\u201c sv\u00fdm bl\u00edzk\u00fdm relaxa\u010dn\u00ed pobyt v Aquaparku Karoli! Pr\u00e1v\u011b hled\u00e1te d\u00e1rek? Pak v\u00e1m m\u016f\u017eeme s na\u0161\u00edm d\u00e1rkov\u00fdm poukazem nab\u00eddnout p\u0159esn\u011b to prav\u00e9 pro v\u00e1s!\" \/>\n<meta name=\"robots\" content=\"index, follow, max-snippet:-1, max-image-preview:large, max-video-preview:-1\" \/>\n<link rel=\"canonical\" href=\"https:\/\/urlaub-in-waldkirchen.de\/cs\/aquapark\/darkove-poukazy\/\" \/>\n<meta property=\"og:locale\" content=\"cs_CZ\" \/>\n<meta property=\"og:type\" content=\"article\" \/>\n<meta property=\"og:title\" content=\"D\u00e1rkov\u00e9 poukazy - urlaub-in-waldkirchen.de\" \/>\n<meta property=\"og:description\" content=\"\u201eDarujte\u201c sv\u00fdm bl\u00edzk\u00fdm relaxa\u010dn\u00ed pobyt v Aquaparku Karoli! Pr\u00e1v\u011b hled\u00e1te d\u00e1rek? Pak v\u00e1m m\u016f\u017eeme s na\u0161\u00edm d\u00e1rkov\u00fdm poukazem nab\u00eddnout p\u0159esn\u011b to prav\u00e9 pro v\u00e1s!\" \/>\n<meta property=\"og:url\" content=\"https:\/\/urlaub-in-waldkirchen.de\/cs\/aquapark\/darkove-poukazy\/\" \/>\n<meta property=\"og:site_name\" content=\"urlaub-in-waldkirchen.de\" \/>\n<meta property=\"article:modified_time\" content=\"2016-08-18T12:12:52+00:00\" \/>\n<meta name=\"twitter:card\" content=\"summary_large_image\" \/>\n<meta name=\"twitter:label1\" content=\"Odhadovan\u00e1 doba \u010dten\u00ed\" \/>\n\t<meta name=\"twitter:data1\" content=\"1 minuta\" \/>\n<script type=\"application\/ld+json\" class=\"yoast-schema-graph\">{\"@context\":\"https:\\\/\\\/schema.org\",\"@graph\":[{\"@type\":\"WebPage\",\"@id\":\"https:\\\/\\\/urlaub-in-waldkirchen.de\\\/cs\\\/aquapark\\\/darkove-poukazy\\\/\",\"url\":\"https:\\\/\\\/urlaub-in-waldkirchen.de\\\/cs\\\/aquapark\\\/darkove-poukazy\\\/\",\"name\":\"D\u00e1rkov\u00e9 poukazy - urlaub-in-waldkirchen.de\",\"isPartOf\":{\"@id\":\"https:\\\/\\\/urlaub-in-waldkirchen.de\\\/#website\"},\"datePublished\":\"2016-04-26T13:46:41+00:00\",\"dateModified\":\"2016-08-18T12:12:52+00:00\",\"description\":\"\u201eDarujte\u201c sv\u00fdm bl\u00edzk\u00fdm relaxa\u010dn\u00ed pobyt v Aquaparku Karoli! Pr\u00e1v\u011b hled\u00e1te d\u00e1rek? Pak v\u00e1m m\u016f\u017eeme s na\u0161\u00edm d\u00e1rkov\u00fdm poukazem nab\u00eddnout p\u0159esn\u011b to prav\u00e9 pro v\u00e1s!\",\"breadcrumb\":{\"@id\":\"https:\\\/\\\/urlaub-in-waldkirchen.de\\\/cs\\\/aquapark\\\/darkove-poukazy\\\/#breadcrumb\"},\"inLanguage\":\"cs\",\"potentialAction\":[{\"@type\":\"ReadAction\",\"target\":[\"https:\\\/\\\/urlaub-in-waldkirchen.de\\\/cs\\\/aquapark\\\/darkove-poukazy\\\/\"]}]},{\"@type\":\"BreadcrumbList\",\"@id\":\"https:\\\/\\\/urlaub-in-waldkirchen.de\\\/cs\\\/aquapark\\\/darkove-poukazy\\\/#breadcrumb\",\"itemListElement\":[{\"@type\":\"ListItem\",\"position\":1,\"name\":\"Startseite\",\"item\":\"https:\\\/\\\/urlaub-in-waldkirchen.de\\\/cs\\\/\"},{\"@type\":\"ListItem\",\"position\":2,\"name\":\"Aquapark\",\"item\":\"https:\\\/\\\/urlaub-in-waldkirchen.de\\\/cs\\\/aquapark\\\/\"},{\"@type\":\"ListItem\",\"position\":3,\"name\":\"D\u00e1rkov\u00e9 poukazy\"}]},{\"@type\":\"WebSite\",\"@id\":\"https:\\\/\\\/urlaub-in-waldkirchen.de\\\/#website\",\"url\":\"https:\\\/\\\/urlaub-in-waldkirchen.de\\\/\",\"name\":\"urlaub-in-waldkirchen.de\",\"description\":\"\",\"potentialAction\":[{\"@type\":\"SearchAction\",\"target\":{\"@type\":\"EntryPoint\",\"urlTemplate\":\"https:\\\/\\\/urlaub-in-waldkirchen.de\\\/?s={search_term_string}\"},\"query-input\":{\"@type\":\"PropertyValueSpecification\",\"valueRequired\":true,\"valueName\":\"search_term_string\"}}],\"inLanguage\":\"cs\"}]}<\/script>\n<!-- \/ Yoast SEO plugin. -->","yoast_head_json":{"title":"D\u00e1rkov\u00e9 poukazy - urlaub-in-waldkirchen.de","description":"\u201eDarujte\u201c sv\u00fdm bl\u00edzk\u00fdm relaxa\u010dn\u00ed pobyt v Aquaparku Karoli! Pr\u00e1v\u011b hled\u00e1te d\u00e1rek? Pak v\u00e1m m\u016f\u017eeme s na\u0161\u00edm d\u00e1rkov\u00fdm poukazem nab\u00eddnout p\u0159esn\u011b to prav\u00e9 pro v\u00e1s!","robots":{"index":"index","follow":"follow","max-snippet":"max-snippet:-1","max-image-preview":"max-image-preview:large","max-video-preview":"max-video-preview:-1"},"canonical":"https:\/\/urlaub-in-waldkirchen.de\/cs\/aquapark\/darkove-poukazy\/","og_locale":"cs_CZ","og_type":"article","og_title":"D\u00e1rkov\u00e9 poukazy - urlaub-in-waldkirchen.de","og_description":"\u201eDarujte\u201c sv\u00fdm bl\u00edzk\u00fdm relaxa\u010dn\u00ed pobyt v Aquaparku Karoli! Pr\u00e1v\u011b hled\u00e1te d\u00e1rek? Pak v\u00e1m m\u016f\u017eeme s na\u0161\u00edm d\u00e1rkov\u00fdm poukazem nab\u00eddnout p\u0159esn\u011b to prav\u00e9 pro v\u00e1s!","og_url":"https:\/\/urlaub-in-waldkirchen.de\/cs\/aquapark\/darkove-poukazy\/","og_site_name":"urlaub-in-waldkirchen.de","article_modified_time":"2016-08-18T12:12:52+00:00","twitter_card":"summary_large_image","twitter_misc":{"Odhadovan\u00e1 doba \u010dten\u00ed":"1 minuta"},"schema":{"@context":"https:\/\/schema.org","@graph":[{"@type":"WebPage","@id":"https:\/\/urlaub-in-waldkirchen.de\/cs\/aquapark\/darkove-poukazy\/","url":"https:\/\/urlaub-in-waldkirchen.de\/cs\/aquapark\/darkove-poukazy\/","name":"D\u00e1rkov\u00e9 poukazy - urlaub-in-waldkirchen.de","isPartOf":{"@id":"https:\/\/urlaub-in-waldkirchen.de\/#website"},"datePublished":"2016-04-26T13:46:41+00:00","dateModified":"2016-08-18T12:12:52+00:00","description":"\u201eDarujte\u201c sv\u00fdm bl\u00edzk\u00fdm relaxa\u010dn\u00ed pobyt v Aquaparku Karoli! Pr\u00e1v\u011b hled\u00e1te d\u00e1rek? Pak v\u00e1m m\u016f\u017eeme s na\u0161\u00edm d\u00e1rkov\u00fdm poukazem nab\u00eddnout p\u0159esn\u011b to prav\u00e9 pro v\u00e1s!","breadcrumb":{"@id":"https:\/\/urlaub-in-waldkirchen.de\/cs\/aquapark\/darkove-poukazy\/#breadcrumb"},"inLanguage":"cs","potentialAction":[{"@type":"ReadAction","target":["https:\/\/urlaub-in-waldkirchen.de\/cs\/aquapark\/darkove-poukazy\/"]}]},{"@type":"BreadcrumbList","@id":"https:\/\/urlaub-in-waldkirchen.de\/cs\/aquapark\/darkove-poukazy\/#breadcrumb","itemListElement":[{"@type":"ListItem","position":1,"name":"Startseite","item":"https:\/\/urlaub-in-waldkirchen.de\/cs\/"},{"@type":"ListItem","position":2,"name":"Aquapark","item":"https:\/\/urlaub-in-waldkirchen.de\/cs\/aquapark\/"},{"@type":"ListItem","position":3,"name":"D\u00e1rkov\u00e9 poukazy"}]},{"@type":"WebSite","@id":"https:\/\/urlaub-in-waldkirchen.de\/#website","url":"https:\/\/urlaub-in-waldkirchen.de\/","name":"urlaub-in-waldkirchen.de","description":"","potentialAction":[{"@type":"SearchAction","target":{"@type":"EntryPoint","urlTemplate":"https:\/\/urlaub-in-waldkirchen.de\/?s={search_term_string}"},"query-input":{"@type":"PropertyValueSpecification","valueRequired":true,"valueName":"search_term_string"}}],"inLanguage":"cs"}]}},"_links":{"self":[{"href":"https:\/\/urlaub-in-waldkirchen.de\/cs\/wp-json\/wp\/v2\/pages\/3752","targetHints":{"allow":["GET"]}}],"collection":[{"href":"https:\/\/urlaub-in-waldkirchen.de\/cs\/wp-json\/wp\/v2\/pages"}],"about":[{"href":"https:\/\/urlaub-in-waldkirchen.de\/cs\/wp-json\/wp\/v2\/types\/page"}],"author":[{"embeddable":true,"href":"https:\/\/urlaub-in-waldkirchen.de\/cs\/wp-json\/wp\/v2\/users\/2"}],"replies":[{"embeddable":true,"href":"https:\/\/urlaub-in-waldkirchen.de\/cs\/wp-json\/wp\/v2\/comments?post=3752"}],"version-history":[{"count":0,"href":"https:\/\/urlaub-in-waldkirchen.de\/cs\/wp-json\/wp\/v2\/pages\/3752\/revisions"}],"up":[{"embeddable":true,"href":"https:\/\/urlaub-in-waldkirchen.de\/cs\/wp-json\/wp\/v2\/pages\/3663"}],"wp:attachment":[{"href":"https:\/\/urlaub-in-waldkirchen.de\/cs\/wp-json\/wp\/v2\/media?parent=3752"}],"curies":[{"name":"wp","href":"https:\/\/api.w.org\/{rel}","templated":true}]}}

Dárkové poukazy

<div class="wpb-content-wrapper"><p>[vc_row][vc_column][vc_empty_space height=&#8220;20px&#8220;][vc_column_text]</p>
<h1>Aquapark Karoli – dárkové poukazy</h1>
<p>[/vc_column_text][/vc_column][/vc_row][vc_row][vc_column][vc_column_text]<strong>„Darujte“ svým blízkým relaxační pobyt v </strong><a href="https://urlaub-in-waldkirchen.de/cs/aquapark/"><strong>Aquaparku Karoli</strong></a><strong>!</strong></p>
<p>Právě hledáte dárek? Pak vám můžeme s naším dárkovým poukazem nabídnout přesně to pravé pro vás!</p>
<p>Ať už se bude jednat o jednotlivé vstupy do <a href="https://urlaub-in-waldkirchen.de/cs/aquapark/kryty-bazen/">krytého bazénu</a> nebo <a href="https://urlaub-in-waldkirchen.de/cs/aquapark/mediterraneum/">mediterranea</a>, nebo o permanentku na 10 vstupů, případně bonusovou kartu v hodnotě, kterou si sami vyberete – nabízíme přiměřené řešení pro každou peněženku.</p>
<p>Naše pracovnice v pokladně bazénu vám rády poradí!</p>
<p>Další informace získáte na tel. 0049 8581/986990 nebo e-mailu <a href="mailto:karoli-badepark@waldkirchen.de">karoli-badepark@waldkirchen.de</a>[/vc_column_text][/vc_column][/vc_row][vc_row][vc_column][vc_separator color=&#8220;custom&#8220; accent_color=&#8220;#95c11f&#8220;][vc_btn title=&#8220;zpět na přehled&#8220; shape=&#8220;square&#8220; color=&#8220;green&#8220; size=&#8220;sm&#8220; align=&#8220;right&#8220; link=&#8220;url:http%3A%2F%2Furlaub-in-waldkirchen.de%2Fcs%2Faquapark%2F|||&#8220;][/vc_column][/vc_row]</p>
</div>

<p>[vc_row][vc_column][vc_empty_space height=&#8220;20px&#8220;][vc_column_text] Aquapark Karoli – dárkové poukazy [/vc_column_text][/vc_column][/vc_row][vc_row][vc_column][vc_column_text]„Darujte“ svým blízkým relaxační pobyt v Aquaparku Karoli! Právě hledáte dárek? Pak vám můžeme s naším dárkovým poukazem nabídnout přesně<span class="excerpt-hellip"> […]</span></p>

<!-- This site is optimized with the Yoast SEO plugin v27.3 - https://yoast.com/product/yoast-seo-wordpress/ -->
<title>Dárkové poukazy - urlaub-in-waldkirchen.de</title>
<meta name="description" content="„Darujte“ svým blízkým relaxační pobyt v Aquaparku Karoli! Právě hledáte dárek? Pak vám můžeme s naším dárkovým poukazem nabídnout přesně to pravé pro vás!" />
<meta name="robots" content="index, follow, max-snippet:-1, max-image-preview:large, max-video-preview:-1" />
<link rel="canonical" href="https://urlaub-in-waldkirchen.de/cs/aquapark/darkove-poukazy/" />
<meta property="og:locale" content="cs_CZ" />
<meta property="og:type" content="article" />
<meta property="og:title" content="Dárkové poukazy - urlaub-in-waldkirchen.de" />
<meta property="og:description" content="„Darujte“ svým blízkým relaxační pobyt v Aquaparku Karoli! Právě hledáte dárek? Pak vám můžeme s naším dárkovým poukazem nabídnout přesně to pravé pro vás!" />
<meta property="og:url" content="https://urlaub-in-waldkirchen.de/cs/aquapark/darkove-poukazy/" />
<meta property="og:site_name" content="urlaub-in-waldkirchen.de" />
<meta property="article:modified_time" content="2016-08-18T12:12:52+00:00" />
<meta name="twitter:card" content="summary_large_image" />
<meta name="twitter:label1" content="Odhadovaná doba čtení" />
	<meta name="twitter:data1" content="1 minuta" />
<script type="application/ld+json" class="yoast-schema-graph">{"@context":"https:\/\/schema.org","@graph":[{"@type":"WebPage","@id":"https:\/\/urlaub-in-waldkirchen.de\/cs\/aquapark\/darkove-poukazy\/","url":"https:\/\/urlaub-in-waldkirchen.de\/cs\/aquapark\/darkove-poukazy\/","name":"Dárkové poukazy - urlaub-in-waldkirchen.de","isPartOf":{"@id":"https:\/\/urlaub-in-waldkirchen.de\/#website"},"datePublished":"2016-04-26T13:46:41+00:00","dateModified":"2016-08-18T12:12:52+00:00","description":"„Darujte“ svým blízkým relaxační pobyt v Aquaparku Karoli! Právě hledáte dárek? Pak vám můžeme s naším dárkovým poukazem nabídnout přesně to pravé pro vás!","breadcrumb":{"@id":"https:\/\/urlaub-in-waldkirchen.de\/cs\/aquapark\/darkove-poukazy\/#breadcrumb"},"inLanguage":"cs","potentialAction":[{"@type":"ReadAction","target":["https:\/\/urlaub-in-waldkirchen.de\/cs\/aquapark\/darkove-poukazy\/"]}]},{"@type":"BreadcrumbList","@id":"https:\/\/urlaub-in-waldkirchen.de\/cs\/aquapark\/darkove-poukazy\/#breadcrumb","itemListElement":[{"@type":"ListItem","position":1,"name":"Startseite","item":"https:\/\/urlaub-in-waldkirchen.de\/cs\/"},{"@type":"ListItem","position":2,"name":"Aquapark","item":"https:\/\/urlaub-in-waldkirchen.de\/cs\/aquapark\/"},{"@type":"ListItem","position":3,"name":"Dárkové poukazy"}]},{"@type":"WebSite","@id":"https:\/\/urlaub-in-waldkirchen.de\/#website","url":"https:\/\/urlaub-in-waldkirchen.de\/","name":"urlaub-in-waldkirchen.de","description":"","potentialAction":[{"@type":"SearchAction","target":{"@type":"EntryPoint","urlTemplate":"https:\/\/urlaub-in-waldkirchen.de\/?s={search_term_string}"},"query-input":{"@type":"PropertyValueSpecification","valueRequired":true,"valueName":"search_term_string"}}],"inLanguage":"cs"}]}</script>
<!-- / Yoast SEO plugin. -->

Dárkové poukazy - urlaub-in-waldkirchen.de

„Darujte“ svým blízkým relaxační pobyt v Aquaparku Karoli! Právě hledáte dárek? Pak vám můžeme s naším dárkovým poukazem nabídnout přesně to pravé pro vás!
